Last updated on 2024-04-18 20:55:41 CEST.
Flavor | Version | Tinstall | Tcheck | Ttotal | Status | Flags |
---|---|---|---|---|---|---|
r-devel-linux-x86_64-debian-clang | 1.7.3 | 9.54 | 83.70 | 93.24 | OK | |
r-devel-linux-x86_64-debian-gcc | 1.7.3 | 8.33 | 63.18 | 71.51 | OK | |
r-devel-linux-x86_64-fedora-clang | 1.7.3 | 129.89 | OK | |||
r-devel-linux-x86_64-fedora-gcc | 1.7.3 | 132.47 | OK | |||
r-prerel-macos-arm64 | 1.7.3 | 46.00 | OK | |||
r-prerel-macos-x86_64 | 1.7.3 | 79.00 | OK | |||
r-prerel-windows-x86_64 | 1.7.3 | 14.00 | 84.00 | 98.00 | OK | |
r-patched-linux-x86_64 | 1.7.3 | 6.62 | 80.40 | 87.02 | OK | |
r-release-linux-x86_64 | 1.7.3 | 6.65 | 81.00 | 87.65 | OK | |
r-release-macos-arm64 | 1.7.3 | 51.00 | OK | |||
r-release-macos-x86_64 | 1.7.3 | 120.00 | OK | |||
r-release-windows-x86_64 | 1.7.3 | 15.00 | 93.00 | 108.00 | OK | |
r-oldrel-macos-arm64 | 1.7.3 | 10.00 | ERROR | |||
r-oldrel-windows-x86_64 | 1.7.3 | 14.00 | 99.00 | 113.00 | OK |
Version: 1.7.3
Check: package dependencies
Result: ERROR
Packages required but not available: 'lefser', 'Maaslin2'
See section ‘The DESCRIPTION file’ in the ‘Writing R Extensions’
manual.
Flavor: r-oldrel-macos-arm64