Last updated on 2024-04-23 19:51:04 CEST.
Flavor | Version | Tinstall | Tcheck | Ttotal | Status | Flags |
---|---|---|---|---|---|---|
r-devel-linux-x86_64-debian-clang | 5.5.2 | 22.76 | 109.89 | 132.65 | NOTE | |
r-devel-linux-x86_64-debian-gcc | 5.5.2 | 16.90 | 89.49 | 106.39 | NOTE | |
r-devel-linux-x86_64-fedora-clang | 5.5.2 | 162.95 | NOTE | |||
r-devel-linux-x86_64-fedora-gcc | 5.5.2 | 164.52 | NOTE | |||
r-prerel-macos-arm64 | 5.5.2 | 47.00 | NOTE | |||
r-prerel-windows-x86_64 | 5.5.2 | 21.00 | 110.00 | 131.00 | NOTE | |
r-patched-linux-x86_64 | 5.5.2 | 19.22 | 112.78 | 132.00 | NOTE | |
r-release-linux-x86_64 | 5.5.2 | 21.06 | 114.94 | 136.00 | NOTE | |
r-release-macos-arm64 | 5.5.2 | 53.00 | NOTE | |||
r-release-macos-x86_64 | 5.5.2 | 92.00 | NOTE | |||
r-release-windows-x86_64 | 5.5.2 | 25.00 | 132.00 | 157.00 | NOTE | |
r-oldrel-macos-arm64 | 5.5.2 | 45.00 | OK | |||
r-oldrel-windows-x86_64 | 5.5.2 | 25.00 | 137.00 | 162.00 | OK |
Version: 5.5.2
Check: Rd files
Result: NOTE
checkRd: (-1) ZIClass.Rd:87: Escaped LaTeX specials: \_
checkRd: (-1) ZITrain.Rd:72: Escaped LaTeX specials: \_
checkRd: (-1) ZITrain.Rd:74: Escaped LaTeX specials: \_
checkRd: (-1) zid.Rd:45: Escaped LaTeX specials: \_
checkRd: (-1) zim.Rd:63: Escaped LaTeX specials: \_
checkRd: (-1) zim.Rd:182: Lost braces
182 | dQuote{tab-delimited text file} when you have done and close the spreadsheet
| ^
Flavors: r-devel-linux-x86_64-debian-clang, r-devel-linux-x86_64-debian-gcc, r-devel-linux-x86_64-fedora-clang, r-devel-linux-x86_64-fedora-gcc, r-prerel-macos-arm64, r-prerel-windows-x86_64, r-patched-linux-x86_64
Version: 5.5.2
Check: Rd files
Result: NOTE
checkRd: (-1) ZIClass.Rd:87: Escaped LaTeX specials: \_
checkRd: (-1) ZITrain.Rd:72: Escaped LaTeX specials: \_
checkRd: (-1) ZITrain.Rd:74: Escaped LaTeX specials: \_
checkRd: (-1) zid.Rd:45: Escaped LaTeX specials: \_
checkRd: (-1) zim.Rd:63: Escaped LaTeX specials: \_
Flavors: r-release-linux-x86_64, r-release-macos-arm64, r-release-macos-x86_64, r-release-windows-x86_64
Version: 5.5.2
Check: package dependencies
Result: NOTE
Package suggested but not available for checking: ‘rJava’
Flavor: r-release-macos-x86_64