Last updated on 2023-12-03 07:52:16 CET.
Flavor | Version | Tinstall | Tcheck | Ttotal | Status | Flags |
---|---|---|---|---|---|---|
r-devel-linux-x86_64-debian-clang | 0.5.1 | 5.98 | 58.17 | 64.15 | NOTE | |
r-devel-linux-x86_64-debian-gcc | 0.5.1 | 5.06 | 44.92 | 49.98 | NOTE | |
r-devel-linux-x86_64-fedora-clang | 0.5.1 | 81.06 | NOTE | |||
r-devel-linux-x86_64-fedora-gcc | 0.5.1 | 107.49 | NOTE | |||
r-devel-windows-x86_64 | 0.5.1 | 7.00 | 74.00 | 81.00 | NOTE | |
r-patched-linux-x86_64 | 0.5.1 | 4.50 | 55.99 | 60.49 | NOTE | |
r-release-linux-x86_64 | 0.5.1 | 4.22 | 56.24 | 60.46 | NOTE | |
r-release-macos-arm64 | 0.5.1 | 44.00 | NOTE | |||
r-release-macos-x86_64 | 0.5.1 | 74.00 | NOTE | |||
r-release-windows-x86_64 | 0.5.1 | 8.00 | 81.00 | 89.00 | NOTE | |
r-oldrel-macos-arm64 | 0.5.1 | 41.00 | NOTE | |||
r-oldrel-macos-x86_64 | 0.5.1 | 56.00 | NOTE | |||
r-oldrel-windows-x86_64 | 0.5.1 | 9.00 | 76.00 | 85.00 | NOTE |
Version: 0.5.1
Check: LazyData
Result: NOTE
'LazyData' is specified without a 'data' directory
Flavors: r-devel-linux-x86_64-debian-clang, r-devel-linux-x86_64-debian-gcc, r-devel-linux-x86_64-fedora-clang, r-devel-linux-x86_64-fedora-gcc, r-devel-windows-x86_64, r-patched-linux-x86_64, r-release-linux-x86_64, r-release-macos-arm64, r-release-macos-x86_64, r-release-windows-x86_64, r-oldrel-macos-arm64, r-oldrel-macos-x86_64, r-oldrel-windows-x86_64