Last updated on 2024-03-28 07:53:08 CET.
Flavor | Version | Tinstall | Tcheck | Ttotal | Status | Flags |
---|---|---|---|---|---|---|
r-devel-linux-x86_64-debian-clang | 1.3.1 | 210.12 | 184.43 | 394.55 | NOTE | |
r-devel-linux-x86_64-debian-gcc | 1.3.1 | 181.71 | 158.50 | 340.21 | NOTE | |
r-devel-linux-x86_64-fedora-clang | 1.3.1 | 380.59 | NOTE | |||
r-devel-linux-x86_64-fedora-gcc | 1.3.1 | 412.69 | NOTE | |||
r-devel-windows-x86_64 | 1.3.1 | 152.00 | 211.00 | 363.00 | NOTE | |
r-patched-linux-x86_64 | 1.3.1 | 142.13 | 196.99 | 339.12 | NOTE | |
r-release-linux-x86_64 | 1.3.1 | 174.28 | 192.14 | 366.42 | NOTE | |
r-release-macos-arm64 | 1.3.1 | 132.00 | NOTE | |||
r-release-macos-x86_64 | 1.3.1 | 276.00 | NOTE | |||
r-release-windows-x86_64 | 1.3.1 | 189.00 | 269.00 | 458.00 | NOTE | |
r-oldrel-macos-arm64 | 1.3.1 | 131.00 | NOTE | |||
r-oldrel-windows-x86_64 | 1.3.1 | 181.00 | 263.00 | 444.00 | NOTE |
Version: 1.3.1
Check: for GNU extensions in Makefiles
Result: NOTE
GNU make is a SystemRequirements.
Flavors: r-devel-linux-x86_64-debian-clang, r-devel-linux-x86_64-debian-gcc, r-devel-linux-x86_64-fedora-clang, r-devel-linux-x86_64-fedora-gcc, r-devel-windows-x86_64, r-patched-linux-x86_64, r-release-linux-x86_64, r-release-macos-arm64, r-release-macos-x86_64, r-release-windows-x86_64, r-oldrel-macos-arm64, r-oldrel-windows-x86_64
Version: 1.3.1
Check: dependencies in R code
Result: NOTE
Namespaces in Imports field not imported from:
‘RcppParallel’ ‘rstantools’
All declared Imports should be used.
Flavors: r-devel-linux-x86_64-fedora-clang, r-devel-linux-x86_64-fedora-gcc
Version: 1.3.1
Check: Rd cross-references
Result: NOTE
Undeclared package ‘loo’ in Rd xrefs
Flavor: r-devel-linux-x86_64-fedora-clang
Version: 1.3.1
Check: installed package size
Result: NOTE
installed size is 40.6Mb
sub-directories of 1Mb or more:
libs 40.1Mb
Flavors: r-release-macos-arm64, r-release-macos-x86_64, r-oldrel-macos-arm64