Last updated on 2023-09-28 19:59:58 CEST.
Flavor | Version | Tinstall | Tcheck | Ttotal | Status | Flags |
---|---|---|---|---|---|---|
r-devel-linux-x86_64-debian-clang | 1.0.2 | 11.22 | 99.89 | 111.11 | NOTE | |
r-devel-linux-x86_64-debian-gcc | 1.0.2 | 9.96 | 79.14 | 89.10 | NOTE | |
r-devel-linux-x86_64-fedora-clang | 1.0.2 | 143.20 | NOTE | |||
r-devel-linux-x86_64-fedora-gcc | 1.0.2 | 156.17 | NOTE | |||
r-devel-windows-x86_64 | 1.0.2 | 11.00 | 100.00 | 111.00 | NOTE | |
r-patched-linux-x86_64 | 1.0.2 | 7.95 | 97.88 | 105.83 | NOTE | |
r-release-linux-x86_64 | 1.0.2 | 7.72 | 97.72 | 105.44 | NOTE | |
r-release-macos-arm64 | 1.0.2 | 43.00 | NOTE | |||
r-release-macos-x86_64 | 1.0.2 | 71.00 | NOTE | |||
r-release-windows-x86_64 | 1.0.2 | 15.00 | 116.00 | 131.00 | NOTE | |
r-oldrel-macos-arm64 | 1.0.2 | 37.00 | NOTE | |||
r-oldrel-macos-x86_64 | 1.0.2 | 59.00 | NOTE | |||
r-oldrel-windows-x86_64 | 1.0.2 | 15.00 | 117.00 | 132.00 | NOTE |
Version: 1.0.2
Check: LazyData
Result: NOTE
'LazyData' is specified without a 'data' directory
Flavors: r-devel-linux-x86_64-debian-clang, r-devel-linux-x86_64-debian-gcc, r-devel-linux-x86_64-fedora-clang, r-devel-linux-x86_64-fedora-gcc, r-devel-windows-x86_64, r-patched-linux-x86_64, r-release-linux-x86_64, r-release-macos-arm64, r-release-macos-x86_64, r-release-windows-x86_64, r-oldrel-macos-arm64, r-oldrel-macos-x86_64, r-oldrel-windows-x86_64