Last updated on 2024-03-29 07:55:01 CET.
Flavor | Version | Tinstall | Tcheck | Ttotal | Status | Flags |
---|---|---|---|---|---|---|
r-devel-linux-x86_64-debian-clang | 1.0.2 | 9.14 | 96.16 | 105.30 | NOTE | |
r-devel-linux-x86_64-debian-gcc | 1.0.2 | 7.53 | 74.62 | 82.15 | NOTE | |
r-devel-linux-x86_64-fedora-clang | 1.0.2 | 134.31 | NOTE | |||
r-devel-linux-x86_64-fedora-gcc | 1.0.2 | 130.49 | NOTE | |||
r-devel-windows-x86_64 | 1.0.2 | 10.00 | 93.00 | 103.00 | NOTE | |
r-patched-linux-x86_64 | 1.0.2 | 8.02 | 94.68 | 102.70 | NOTE | |
r-release-linux-x86_64 | 1.0.2 | 6.91 | 96.75 | 103.66 | NOTE | |
r-release-macos-arm64 | 1.0.2 | 43.00 | NOTE | |||
r-release-macos-x86_64 | 1.0.2 | 71.00 | NOTE | |||
r-release-windows-x86_64 | 1.0.2 | 14.00 | 119.00 | 133.00 | NOTE | |
r-oldrel-macos-arm64 | 1.0.2 | 37.00 | NOTE | |||
r-oldrel-windows-x86_64 | 1.0.2 | 13.00 | 115.00 | 128.00 | NOTE |
Version: 1.0.2
Check: LazyData
Result: NOTE
'LazyData' is specified without a 'data' directory
Flavors: r-devel-linux-x86_64-debian-clang, r-devel-linux-x86_64-debian-gcc, r-devel-linux-x86_64-fedora-clang, r-devel-linux-x86_64-fedora-gcc, r-devel-windows-x86_64, r-patched-linux-x86_64, r-release-linux-x86_64, r-release-macos-arm64, r-release-macos-x86_64, r-release-windows-x86_64, r-oldrel-macos-arm64, r-oldrel-windows-x86_64