Last updated on 2023-09-25 20:09:04 CEST.
Flavor | Version | Tinstall | Tcheck | Ttotal | Status | Flags |
---|---|---|---|---|---|---|
r-devel-linux-x86_64-debian-clang | 0.3.2 | 4.30 | 53.64 | 57.94 | OK | |
r-devel-linux-x86_64-debian-gcc | 0.3.2 | 3.16 | 41.32 | 44.48 | OK | |
r-devel-linux-x86_64-fedora-clang | 0.3.2 | 73.06 | NOTE | |||
r-devel-linux-x86_64-fedora-gcc | 0.3.2 | 69.05 | NOTE | |||
r-devel-windows-x86_64 | 0.3.2 | 6.00 | 67.00 | 73.00 | OK | |
r-patched-linux-x86_64 | 0.3.2 | 4.25 | 51.84 | 56.09 | OK | |
r-release-linux-x86_64 | 0.3.2 | 5.02 | 51.39 | 56.41 | OK | |
r-release-macos-arm64 | 0.3.2 | 26.00 | OK | |||
r-release-macos-x86_64 | 0.3.2 | 38.00 | OK | |||
r-release-windows-x86_64 | 0.3.2 | 7.00 | 73.00 | 80.00 | OK | |
r-oldrel-macos-arm64 | 0.3.2 | 24.00 | NOTE | |||
r-oldrel-macos-x86_64 | 0.3.2 | 33.00 | NOTE | |||
r-oldrel-windows-x86_64 | 0.3.2 | 7.00 | 74.00 | 81.00 | OK |
Version: 0.3.2
Check: data for non-ASCII characters
Result: NOTE
Note: found 47 marked UTF-8 strings
Flavors: r-devel-linux-x86_64-fedora-clang, r-devel-linux-x86_64-fedora-gcc, r-oldrel-macos-arm64, r-oldrel-macos-x86_64