Last updated on 2023-06-08 08:55:38 CEST.
Flavor | Version | Tinstall | Tcheck | Ttotal | Status | Flags |
---|---|---|---|---|---|---|
r-devel-linux-x86_64-debian-clang | 1.15.22 | 160.28 | 255.75 | 416.03 | OK | |
r-devel-linux-x86_64-debian-gcc | 1.15.22 | 128.50 | 188.33 | 316.83 | OK | |
r-devel-linux-x86_64-fedora-clang | 1.15.22 | 522.40 | OK | |||
r-devel-linux-x86_64-fedora-gcc | 1.15.22 | 504.11 | OK | |||
r-devel-windows-x86_64 | 1.15.22 | 121.00 | 255.00 | 376.00 | OK | |
r-patched-linux-x86_64 | 1.15.22 | 139.32 | 241.80 | 381.12 | OK | |
r-release-linux-x86_64 | 1.15.22 | 129.93 | 241.26 | 371.19 | OK | |
r-release-macos-arm64 | 1.15.22 | 137.00 | NOTE | |||
r-release-macos-x86_64 | 1.15.22 | 264.00 | NOTE | |||
r-release-windows-x86_64 | 1.15.22 | 164.00 | 324.00 | 488.00 | OK | |
r-oldrel-macos-arm64 | 1.15.22 | 128.00 | NOTE | |||
r-oldrel-macos-x86_64 | 1.15.22 | 170.00 | NOTE | |||
r-oldrel-windows-x86_64 | 1.15.22 | 154.00 | 284.00 | 438.00 | OK |
Version: 1.15.22
Check: installed package size
Result: NOTE
installed size is 8.8Mb
sub-directories of 1Mb or more:
R 3.0Mb
libs 4.8Mb
Flavors: r-release-macos-arm64, r-release-macos-x86_64, r-oldrel-macos-arm64, r-oldrel-macos-x86_64