Last updated on 2024-03-28 19:48:49 CET.
Flavor | Version | Tinstall | Tcheck | Ttotal | Status | Flags |
---|---|---|---|---|---|---|
r-devel-linux-x86_64-debian-clang | 1.15.27 | 173.55 | 258.33 | 431.88 | OK | |
r-devel-linux-x86_64-debian-gcc | 1.15.27 | 133.69 | 188.03 | 321.72 | OK | |
r-devel-linux-x86_64-fedora-clang | 1.15.27 | 509.92 | OK | |||
r-devel-linux-x86_64-fedora-gcc | 1.15.27 | 513.70 | OK | |||
r-devel-windows-x86_64 | 1.15.27 | 134.00 | 251.00 | 385.00 | OK | |
r-patched-linux-x86_64 | 1.15.27 | 157.70 | 249.20 | 406.90 | OK | |
r-release-linux-x86_64 | 1.15.27 | 165.50 | 248.68 | 414.18 | OK | |
r-release-macos-arm64 | 1.15.27 | 128.00 | NOTE | |||
r-release-macos-x86_64 | 1.15.27 | 299.00 | NOTE | |||
r-release-windows-x86_64 | 1.15.27 | 165.00 | 333.00 | 498.00 | OK | |
r-oldrel-macos-arm64 | 1.15.27 | 122.00 | NOTE | |||
r-oldrel-windows-x86_64 | 1.15.27 | 165.00 | 287.00 | 452.00 | OK |
Version: 1.15.27
Check: installed package size
Result: NOTE
installed size is 8.6Mb
sub-directories of 1Mb or more:
R 3.0Mb
libs 4.6Mb
Flavors: r-release-macos-arm64, r-release-macos-x86_64, r-oldrel-macos-arm64