Last updated on 2023-05-30 09:00:51 CEST.
Flavor | Version | Tinstall | Tcheck | Ttotal | Status | Flags |
---|---|---|---|---|---|---|
r-devel-linux-x86_64-debian-clang | 0.14.1-0 | 73.47 | 18.27 | 91.74 | OK | |
r-devel-linux-x86_64-debian-gcc | 0.14.1-0 | 50.25 | 14.82 | 65.07 | OK | |
r-devel-linux-x86_64-fedora-clang | 0.14.1-0 | 152.51 | OK | |||
r-devel-linux-x86_64-fedora-gcc | 0.14.1-0 | 140.77 | OK | |||
r-devel-windows-x86_64 | 0.14.1-0 | 1086.00 | 4.00 | 1090.00 | ERROR | |
r-patched-linux-x86_64 | 0.14.1-0 | 57.80 | 18.15 | 75.95 | OK | |
r-release-linux-x86_64 | 0.14.1-0 | 57.67 | 18.19 | 75.86 | OK | |
r-release-macos-arm64 | 0.14.1-0 | 42.00 | NOTE | |||
r-release-macos-x86_64 | 0.14.1-0 | 68.00 | NOTE | |||
r-release-windows-x86_64 | 0.14.1-0 | 70.00 | 61.00 | 131.00 | NOTE | |
r-oldrel-macos-arm64 | 0.14.1-0 | 40.00 | NOTE | |||
r-oldrel-macos-x86_64 | 0.14.1-0 | 55.00 | NOTE | |||
r-oldrel-windows-x86_64 | 0.14.1-0 | 283.00 | 10.00 | 293.00 | ERROR |
Version: 0.14.1-0
Check: whether package can be installed
Result: ERROR
Installation failed.
Flavors: r-devel-windows-x86_64, r-oldrel-windows-x86_64
Version: 0.14.1-0
Check: installed package size
Result: NOTE
installed size is 6.2Mb
sub-directories of 1Mb or more:
include 4.0Mb
libs 2.1Mb
Flavors: r-release-macos-arm64, r-release-macos-x86_64, r-release-windows-x86_64, r-oldrel-macos-arm64, r-oldrel-macos-x86_64