Last updated on 2023-10-03 08:05:08 CEST.
Flavor | Version | Tinstall | Tcheck | Ttotal | Status | Flags |
---|---|---|---|---|---|---|
r-devel-linux-x86_64-debian-clang | 0.1.7 | 108.61 | 59.84 | 168.45 | NOTE | |
r-devel-linux-x86_64-debian-gcc | 0.1.7 | 92.47 | 51.24 | 143.71 | NOTE | |
r-devel-linux-x86_64-fedora-clang | 0.1.7 | 221.07 | NOTE | |||
r-devel-linux-x86_64-fedora-gcc | 0.1.7 | 270.49 | NOTE | |||
r-devel-windows-x86_64 | 0.1.7 | 81.00 | 101.00 | 182.00 | NOTE | |
r-patched-linux-x86_64 | 0.1.7 | 117.56 | 63.22 | 180.78 | NOTE | |
r-release-linux-x86_64 | 0.1.7 | 119.66 | 64.02 | 183.68 | NOTE | |
r-release-macos-arm64 | 0.1.7 | 78.00 | NOTE | |||
r-release-macos-x86_64 | 0.1.7 | 128.00 | NOTE | |||
r-release-windows-x86_64 | 0.1.7 | 100.00 | 114.00 | 214.00 | NOTE | |
r-oldrel-macos-arm64 | 0.1.7 | 67.00 | NOTE | |||
r-oldrel-macos-x86_64 | 0.1.7 | 86.00 | NOTE | |||
r-oldrel-windows-x86_64 | 0.1.7 | 98.00 | 104.00 | 202.00 | OK |
Version: 0.1.7
Check: C++ specification
Result: NOTE
Specified C++11: please drop specification unless essential
Flavors: r-devel-linux-x86_64-debian-clang, r-devel-linux-x86_64-debian-gcc, r-devel-linux-x86_64-fedora-clang, r-devel-linux-x86_64-fedora-gcc, r-devel-windows-x86_64, r-patched-linux-x86_64, r-release-linux-x86_64, r-release-macos-arm64, r-release-macos-x86_64, r-release-windows-x86_64
Version: 0.1.7
Check: installed package size
Result: NOTE
installed size is 25.8Mb
sub-directories of 1Mb or more:
libs 25.4Mb
Flavors: r-release-macos-arm64, r-release-macos-x86_64, r-oldrel-macos-arm64, r-oldrel-macos-x86_64