CRAN Package Check Results for Package xopen

Last updated on 2023-12-01 07:50:25 CET.

Flavor Version Tinstall Tcheck Ttotal Status Flags
r-devel-linux-x86_64-debian-clang 1.0.0 2.15 22.31 24.46 NOTE
r-devel-linux-x86_64-debian-gcc 1.0.0 1.60 18.01 19.61 NOTE
r-devel-linux-x86_64-fedora-clang 1.0.0 31.39 NOTE
r-devel-linux-x86_64-fedora-gcc 1.0.0 29.36 NOTE
r-devel-windows-x86_64 1.0.0 2.00 43.00 45.00 NOTE
r-patched-linux-x86_64 1.0.0 2.15 22.21 24.36 NOTE
r-release-linux-x86_64 1.0.0 2.05 21.91 23.96 NOTE
r-release-macos-arm64 1.0.0 16.00 NOTE
r-release-macos-x86_64 1.0.0 21.00 NOTE
r-release-windows-x86_64 1.0.0 3.00 39.00 42.00 NOTE
r-oldrel-macos-arm64 1.0.0 17.00 NOTE
r-oldrel-macos-x86_64 1.0.0 21.00 NOTE
r-oldrel-windows-x86_64 1.0.0 3.00 46.00 49.00 NOTE

Check Details

Version: 1.0.0
Check: LazyData
Result: NOTE 'LazyData' is specified without a 'data' directory Flavors: r-devel-linux-x86_64-debian-clang, r-devel-linux-x86_64-debian-gcc, r-devel-linux-x86_64-fedora-clang, r-devel-linux-x86_64-fedora-gcc, r-devel-windows-x86_64, r-patched-linux-x86_64, r-release-linux-x86_64, r-release-macos-arm64, r-release-macos-x86_64, r-release-windows-x86_64, r-oldrel-macos-arm64, r-oldrel-macos-x86_64, r-oldrel-windows-x86_64