Last updated on 2024-03-28 19:48:49 CET.
Flavor | Version | Tinstall | Tcheck | Ttotal | Status | Flags |
---|---|---|---|---|---|---|
r-devel-linux-x86_64-debian-clang | 1.1.2 | 19.03 | 256.03 | 275.06 | OK | |
r-devel-linux-x86_64-debian-gcc | 1.1.2 | 13.09 | 186.90 | 199.99 | OK | |
r-devel-linux-x86_64-fedora-clang | 1.1.2 | 327.22 | NOTE | |||
r-devel-linux-x86_64-fedora-gcc | 1.1.2 | 331.21 | OK | |||
r-devel-windows-x86_64 | 1.1.2 | 18.00 | 198.00 | 216.00 | OK | |
r-patched-linux-x86_64 | 1.1.2 | 15.85 | 238.74 | 254.59 | OK | |
r-release-linux-x86_64 | 1.1.2 | 11.43 | 249.25 | 260.68 | OK | |
r-release-macos-arm64 | 1.1.2 | 102.00 | OK | |||
r-release-macos-x86_64 | 1.1.2 | 167.00 | OK | |||
r-release-windows-x86_64 | 1.1.2 | 24.00 | 257.00 | 281.00 | OK | |
r-oldrel-macos-arm64 | 1.1.2 | 89.00 | OK | |||
r-oldrel-windows-x86_64 | 1.1.2 | 24.00 | 255.00 | 279.00 | OK |
Version: 1.1.2
Check: Rd cross-references
Result: NOTE
Undeclared package ‘rlang’ in Rd xrefs
Flavor: r-devel-linux-x86_64-fedora-clang