Last updated on 2024-04-23 19:51:03 CEST.
Flavor | Version | Tinstall | Tcheck | Ttotal | Status | Flags |
---|---|---|---|---|---|---|
r-devel-linux-x86_64-debian-clang | 1.7.7.1 | 612.05 | 328.20 | 940.25 | NOTE | |
r-devel-linux-x86_64-debian-gcc | 1.7.7.1 | 634.74 | 270.55 | 905.29 | NOTE | |
r-devel-linux-x86_64-fedora-clang | 1.7.7.1 | 1320.29 | NOTE | |||
r-devel-linux-x86_64-fedora-gcc | 1.7.7.1 | 1561.75 | NOTE | |||
r-prerel-macos-arm64 | 1.7.7.1 | 335.00 | NOTE | |||
r-prerel-macos-x86_64 | 1.7.7.1 | 608.00 | NOTE | |||
r-prerel-windows-x86_64 | 1.7.7.1 | 543.00 | 301.00 | 844.00 | NOTE | |
r-patched-linux-x86_64 | 1.7.7.1 | 741.32 | 341.19 | 1082.51 | NOTE | |
r-release-linux-x86_64 | 1.7.7.1 | 748.83 | 342.54 | 1091.37 | NOTE | |
r-release-macos-arm64 | 1.7.7.1 | 335.00 | NOTE | |||
r-release-macos-x86_64 | 1.7.7.1 | 561.00 | NOTE | |||
r-release-windows-x86_64 | 1.7.7.1 | 683.00 | 415.00 | 1098.00 | NOTE | |
r-oldrel-macos-arm64 | 1.7.7.1 | 316.00 | NOTE | |||
r-oldrel-windows-x86_64 | 1.7.7.1 | 618.00 | 391.00 | 1009.00 | NOTE |
Version: 1.7.7.1
Check: for GNU extensions in Makefiles
Result: NOTE
GNU make is a SystemRequirements.
Flavors: r-devel-linux-x86_64-debian-clang, r-devel-linux-x86_64-debian-gcc, r-devel-linux-x86_64-fedora-clang, r-devel-linux-x86_64-fedora-gcc, r-prerel-macos-arm64, r-prerel-macos-x86_64, r-prerel-windows-x86_64, r-patched-linux-x86_64, r-release-linux-x86_64, r-release-macos-arm64, r-release-macos-x86_64, r-release-windows-x86_64, r-oldrel-macos-arm64, r-oldrel-windows-x86_64
Version: 1.7.7.1
Check: installed package size
Result: NOTE
installed size is 5.7Mb
sub-directories of 1Mb or more:
libs 4.8Mb
Flavors: r-devel-linux-x86_64-fedora-clang, r-prerel-macos-arm64, r-prerel-macos-x86_64, r-prerel-windows-x86_64, r-release-macos-arm64, r-release-macos-x86_64, r-release-windows-x86_64, r-oldrel-macos-arm64, r-oldrel-windows-x86_64