Last updated on 2023-12-06 07:50:34 CET.
Flavor | Version | Tinstall | Tcheck | Ttotal | Status | Flags |
---|---|---|---|---|---|---|
r-devel-linux-x86_64-debian-clang | 1.1.7 | 6.64 | 51.62 | 58.26 | NOTE | |
r-devel-linux-x86_64-debian-gcc | 1.1.7 | 5.22 | 39.10 | 44.32 | NOTE | |
r-devel-linux-x86_64-fedora-clang | 1.1.7 | 74.57 | OK | |||
r-devel-linux-x86_64-fedora-gcc | 1.1.7 | 67.82 | OK | |||
r-devel-windows-x86_64 | 1.1.7 | 8.00 | 59.00 | 67.00 | OK | |
r-patched-linux-x86_64 | 1.1.7 | 10.40 | 50.33 | 60.73 | OK | |
r-release-linux-x86_64 | 1.1.7 | 4.74 | 49.06 | 53.80 | OK | |
r-release-macos-arm64 | 1.1.7 | 25.00 | OK | |||
r-release-macos-x86_64 | 1.1.7 | 35.00 | OK | |||
r-release-windows-x86_64 | 1.1.7 | 11.00 | 65.00 | 76.00 | OK | |
r-oldrel-macos-arm64 | 1.1.7 | 25.00 | OK | |||
r-oldrel-macos-x86_64 | 1.1.7 | 47.00 | OK | |||
r-oldrel-windows-x86_64 | 1.1.7 | 10.00 | 69.00 | 79.00 | OK |
Version: 1.1.7
Check: Rd files
Result: NOTE
checkRd: (-1) xshow.Rd:19: Lost braces in \enumerate; meant \describe ?
checkRd: (-1) xshow.Rd:20: Lost braces in \enumerate; meant \describe ?
Flavors: r-devel-linux-x86_64-debian-clang, r-devel-linux-x86_64-debian-gcc