Last updated on 2024-03-29 07:55:00 CET.
Flavor | Version | Tinstall | Tcheck | Ttotal | Status | Flags |
---|---|---|---|---|---|---|
r-devel-linux-x86_64-debian-clang | 3.0.1 | 68.58 | 82.71 | 151.29 | OK | |
r-devel-linux-x86_64-debian-gcc | 3.0.1 | 52.92 | 63.74 | 116.66 | OK | |
r-devel-linux-x86_64-fedora-clang | 3.0.1 | 223.30 | NOTE | |||
r-devel-linux-x86_64-fedora-gcc | 3.0.1 | 209.30 | NOTE | |||
r-devel-windows-x86_64 | 3.0.1 | 58.00 | 103.00 | 161.00 | NOTE | |
r-patched-linux-x86_64 | 3.0.1 | 51.67 | 80.23 | 131.90 | OK | |
r-release-linux-x86_64 | 3.0.1 | 52.61 | 80.63 | 133.24 | OK | |
r-release-macos-arm64 | 3.0.1 | 69.00 | NOTE | |||
r-release-macos-x86_64 | 3.0.1 | 127.00 | NOTE | |||
r-release-windows-x86_64 | 3.0.1 | 75.00 | 133.00 | 208.00 | NOTE | |
r-oldrel-macos-arm64 | 3.0.1 | 71.00 | NOTE | |||
r-oldrel-windows-x86_64 | 3.0.1 | 72.00 | 122.00 | 194.00 | NOTE |
Version: 3.0.1
Check: installed package size
Result: NOTE
installed size is 5.7Mb
sub-directories of 1Mb or more:
data 3.5Mb
help 1.9Mb
Flavors: r-devel-linux-x86_64-fedora-clang, r-devel-windows-x86_64, r-release-macos-arm64, r-release-macos-x86_64, r-release-windows-x86_64, r-oldrel-macos-arm64, r-oldrel-windows-x86_64
Version: 3.0.1
Check: dependencies in R code
Result: NOTE
Namespaces in Imports field not imported from:
‘future’ ‘tidyr’
All declared Imports should be used.
Flavors: r-devel-linux-x86_64-fedora-clang, r-devel-linux-x86_64-fedora-gcc