Last updated on 2023-11-29 18:49:06 CET.
Flavor | Version | Tinstall | Tcheck | Ttotal | Status | Flags |
---|---|---|---|---|---|---|
r-devel-linux-x86_64-debian-clang | 0.6.2 | 15.23 | 102.37 | 117.60 | OK | |
r-devel-linux-x86_64-debian-gcc | 0.6.2 | 14.45 | 74.71 | 89.16 | OK | |
r-devel-linux-x86_64-fedora-clang | 0.6.2 | 148.08 | NOTE | |||
r-devel-linux-x86_64-fedora-gcc | 0.6.2 | 136.09 | OK | |||
r-devel-windows-x86_64 | 0.6.2 | 14.00 | 151.00 | 165.00 | OK | |
r-patched-linux-x86_64 | 0.6.2 | 17.32 | 95.24 | 112.56 | OK | |
r-release-linux-x86_64 | 0.6.2 | 10.49 | 95.20 | 105.69 | OK | |
r-release-macos-arm64 | 0.6.2 | 96.00 | OK | |||
r-release-macos-x86_64 | 0.6.2 | 120.00 | OK | |||
r-release-windows-x86_64 | 0.6.2 | 21.00 | 225.00 | 246.00 | OK | |
r-oldrel-macos-arm64 | 0.6.2 | 97.00 | OK | |||
r-oldrel-macos-x86_64 | 0.6.2 | 113.00 | OK | |||
r-oldrel-windows-x86_64 | 0.6.2 | 20.00 | 163.00 | 183.00 | OK |
Version: 0.6.2
Check: package dependencies
Result: NOTE
Imports includes 23 non-default packages.
Importing from so many packages makes the package vulnerable to any of
them becoming unavailable. Move as many as possible to Suggests and
use conditionally.
Flavor: r-devel-linux-x86_64-fedora-clang