Last updated on 2024-04-18 08:54:54 CEST.
Flavor | Version | Tinstall | Tcheck | Ttotal | Status | Flags |
---|---|---|---|---|---|---|
r-devel-linux-x86_64-debian-clang | 0.2.0 | 2.15 | 45.30 | 47.45 | OK | |
r-devel-linux-x86_64-debian-gcc | 0.2.0 | 1.63 | 33.09 | 34.72 | OK | |
r-devel-linux-x86_64-fedora-clang | 0.2.0 | 58.53 | NOTE | |||
r-devel-linux-x86_64-fedora-gcc | 0.2.0 | 55.64 | NOTE | |||
r-prerel-macos-arm64 | 0.2.0 | 23.00 | OK | |||
r-prerel-windows-x86_64 | 0.2.0 | 4.00 | 60.00 | 64.00 | OK | |
r-patched-linux-x86_64 | 0.2.0 | 2.08 | 42.49 | 44.57 | OK | |
r-release-linux-x86_64 | 0.2.0 | 2.02 | 42.12 | 44.14 | OK | |
r-release-macos-arm64 | 0.2.0 | 24.00 | OK | |||
r-release-macos-x86_64 | 0.2.0 | 34.00 | OK | |||
r-release-windows-x86_64 | 0.2.0 | 4.00 | 59.00 | 63.00 | OK | |
r-oldrel-macos-arm64 | 0.2.0 | 22.00 | NOTE | |||
r-oldrel-windows-x86_64 | 0.2.0 | 4.00 | 62.00 | 66.00 | OK |
Version: 0.2.0
Check: data for non-ASCII characters
Result: NOTE
Note: found 3 marked UTF-8 strings
Flavors: r-devel-linux-x86_64-fedora-clang, r-devel-linux-x86_64-fedora-gcc, r-oldrel-macos-arm64