Last updated on 2024-04-23 07:51:25 CEST.
Flavor | Version | Tinstall | Tcheck | Ttotal | Status | Flags |
---|---|---|---|---|---|---|
r-devel-linux-x86_64-debian-clang | 2.1.3 | 3.57 | 39.43 | 43.00 | NOTE | |
r-devel-linux-x86_64-debian-gcc | 2.1.3 | 2.63 | 30.68 | 33.31 | NOTE | |
r-devel-linux-x86_64-fedora-clang | 2.1.3 | 56.13 | NOTE | |||
r-devel-linux-x86_64-fedora-gcc | 2.1.3 | 64.77 | NOTE | |||
r-prerel-macos-arm64 | 2.1.3 | 29.00 | NOTE | |||
r-prerel-windows-x86_64 | 2.1.3 | 6.00 | 59.00 | 65.00 | NOTE | |
r-patched-linux-x86_64 | 2.1.3 | 2.44 | 38.51 | 40.95 | NOTE | |
r-release-linux-x86_64 | 2.1.3 | 3.14 | 37.47 | 40.61 | OK | |
r-release-macos-arm64 | 2.1.3 | 27.00 | OK | |||
r-release-macos-x86_64 | 2.1.3 | 40.00 | OK | |||
r-release-windows-x86_64 | 2.1.3 | 5.00 | 62.00 | 67.00 | OK | |
r-oldrel-macos-arm64 | 2.1.3 | 23.00 | OK | |||
r-oldrel-windows-x86_64 | 2.1.3 | 5.00 | 57.00 | 62.00 | OK |
Version: 2.1.3
Check: Rd files
Result: NOTE
checkRd: (-1) wordpiece_cache_dir.Rd:16-17: Lost braces in \itemize; meant \describe ?
checkRd: (-1) wordpiece_cache_dir.Rd:18-19: Lost braces in \itemize; meant \describe ?
checkRd: (-1) wordpiece_cache_dir.Rd:20-21: Lost braces in \itemize; meant \describe ?
Flavors: r-devel-linux-x86_64-debian-clang, r-devel-linux-x86_64-debian-gcc, r-devel-linux-x86_64-fedora-clang, r-devel-linux-x86_64-fedora-gcc, r-prerel-macos-arm64, r-prerel-windows-x86_64, r-patched-linux-x86_64