Last updated on 2024-04-24 07:57:58 CEST.
Flavor | Version | Tinstall | Tcheck | Ttotal | Status | Flags |
---|---|---|---|---|---|---|
r-devel-linux-x86_64-debian-clang | 1.0.5 | 280.41 | 302.60 | 583.01 | OK | |
r-devel-linux-x86_64-debian-gcc | 1.0.5 | 205.55 | 229.21 | 434.76 | OK | |
r-devel-linux-x86_64-fedora-clang | 1.0.5 | 795.18 | OK | |||
r-devel-linux-x86_64-fedora-gcc | 1.0.5 | 778.35 | OK | |||
r-prerel-macos-arm64 | 1.0.5 | 181.00 | NOTE | |||
r-prerel-windows-x86_64 | 1.0.5 | 207.00 | 238.00 | 445.00 | OK | |
r-patched-linux-x86_64 | 1.0.5 | 257.42 | 290.94 | 548.36 | OK | |
r-release-linux-x86_64 | 1.0.5 | 264.36 | 284.43 | 548.79 | OK | |
r-release-macos-arm64 | 1.0.5 | 212.00 | NOTE | |||
r-release-macos-x86_64 | 1.0.5 | 364.00 | NOTE | |||
r-release-windows-x86_64 | 1.0.5 | 263.00 | 297.00 | 560.00 | OK | |
r-oldrel-macos-arm64 | 1.0.5 | 173.00 | NOTE | |||
r-oldrel-windows-x86_64 | 1.0.5 | 243.00 | 249.00 | 492.00 | OK |
Version: 1.0.5
Check: installed package size
Result: NOTE
installed size is 8.7Mb
sub-directories of 1Mb or more:
libs 7.9Mb
Flavors: r-prerel-macos-arm64, r-release-macos-arm64, r-release-macos-x86_64, r-oldrel-macos-arm64
Version: 1.0.5
Check: package dependencies
Result: NOTE
Package suggested but not available for checking: ‘classInt’
Flavor: r-release-macos-x86_64