Last updated on 2023-09-24 08:58:33 CEST.
Flavor | Version | Tinstall | Tcheck | Ttotal | Status | Flags |
---|---|---|---|---|---|---|
r-devel-linux-x86_64-debian-clang | 0.8.0 | 24.68 | 92.67 | 117.35 | OK | |
r-devel-linux-x86_64-debian-gcc | 0.8.0 | 17.41 | 70.00 | 87.41 | OK | |
r-devel-linux-x86_64-fedora-clang | 0.8.0 | 145.16 | NOTE | |||
r-devel-linux-x86_64-fedora-gcc | 0.8.0 | 146.24 | NOTE | |||
r-devel-windows-x86_64 | 0.8.0 | 42.00 | 115.00 | 157.00 | OK | |
r-patched-linux-x86_64 | 0.8.0 | 25.34 | 89.96 | 115.30 | OK | |
r-release-linux-x86_64 | 0.8.0 | 23.89 | 90.13 | 114.02 | OK | |
r-release-macos-arm64 | 0.8.0 | 53.00 | OK | |||
r-release-macos-x86_64 | 0.8.0 | 133.00 | OK | |||
r-release-windows-x86_64 | 0.8.0 | 36.00 | 130.00 | 166.00 | OK | |
r-oldrel-macos-arm64 | 0.8.0 | 52.00 | OK | |||
r-oldrel-macos-x86_64 | 0.8.0 | 77.00 | OK | |||
r-oldrel-windows-x86_64 | 0.8.0 | 41.00 | 120.00 | 161.00 | OK |
Version: 0.8.0
Check: data for non-ASCII characters
Result: NOTE
Note: found 3984 marked UTF-8 strings
Flavors: r-devel-linux-x86_64-fedora-clang, r-devel-linux-x86_64-fedora-gcc