Last updated on 2024-04-23 19:51:03 CEST.
Flavor | Version | Tinstall | Tcheck | Ttotal | Status | Flags |
---|---|---|---|---|---|---|
r-devel-linux-x86_64-debian-clang | 1.5 | 14.70 | 125.28 | 139.98 | NOTE | |
r-devel-linux-x86_64-debian-gcc | 1.5 | 10.98 | 90.34 | 101.32 | NOTE | |
r-devel-linux-x86_64-fedora-clang | 1.5 | 171.17 | NOTE | |||
r-devel-linux-x86_64-fedora-gcc | 1.5 | 162.42 | NOTE | |||
r-prerel-macos-arm64 | 1.5 | 42.00 | NOTE | |||
r-prerel-windows-x86_64 | 1.5 | 12.00 | 101.00 | 113.00 | NOTE | |
r-patched-linux-x86_64 | 1.5 | 13.90 | 120.13 | 134.03 | NOTE | |
r-release-linux-x86_64 | 1.5 | 9.01 | 121.99 | 131.00 | NOTE | |
r-release-macos-arm64 | 1.5 | 47.00 | NOTE | |||
r-release-macos-x86_64 | 1.5 | 80.00 | NOTE | |||
r-release-windows-x86_64 | 1.5 | 15.00 | 124.00 | 139.00 | NOTE | |
r-oldrel-macos-arm64 | 1.5 | 41.00 | OK | |||
r-oldrel-windows-x86_64 | 1.5 | 17.00 | 128.00 | 145.00 | OK |
Version: 1.5
Check: Rd \usage sections
Result: NOTE
S3 methods shown with full name in Rd file 'QIC.gee.Rd':
‘QIC.gee’
The \usage entries for S3 methods should use the \method markup and not
their full name.
See chapter ‘Writing R documentation files’ in the ‘Writing R
Extensions’ manual.
Flavors: r-devel-linux-x86_64-debian-clang, r-devel-linux-x86_64-debian-gcc, r-devel-linux-x86_64-fedora-clang, r-devel-linux-x86_64-fedora-gcc, r-prerel-macos-arm64, r-prerel-windows-x86_64, r-patched-linux-x86_64
Version: 1.5
Check: Rd \usage sections
Result: NOTE
S3 methods shown with full name in documentation object 'QIC.gee':
‘QIC.gee’
The \usage entries for S3 methods should use the \method markup and not
their full name.
See chapter ‘Writing R documentation files’ in the ‘Writing R
Extensions’ manual.
Flavors: r-release-linux-x86_64, r-release-macos-arm64, r-release-macos-x86_64, r-release-windows-x86_64