Last updated on 2023-12-03 07:52:16 CET.
Flavor | Version | Tinstall | Tcheck | Ttotal | Status | Flags |
---|---|---|---|---|---|---|
r-devel-linux-x86_64-debian-clang | 0.1.0 | 5.44 | 47.55 | 52.99 | OK | |
r-devel-linux-x86_64-debian-gcc | 0.1.0 | 4.47 | 34.92 | 39.39 | OK | |
r-devel-linux-x86_64-fedora-clang | 0.1.0 | 68.18 | NOTE | |||
r-devel-linux-x86_64-fedora-gcc | 0.1.0 | 61.52 | NOTE | |||
r-devel-windows-x86_64 | 0.1.0 | 7.00 | 60.00 | 67.00 | OK | |
r-patched-linux-x86_64 | 0.1.0 | 10.31 | 44.96 | 55.27 | OK | |
r-release-linux-x86_64 | 0.1.0 | 5.05 | 45.56 | 50.61 | OK | |
r-release-macos-arm64 | 0.1.0 | 25.00 | OK | |||
r-release-macos-x86_64 | 0.1.0 | 57.00 | OK | |||
r-release-windows-x86_64 | 0.1.0 | 9.00 | 65.00 | 74.00 | OK | |
r-oldrel-macos-arm64 | 0.1.0 | 26.00 | OK | |||
r-oldrel-macos-x86_64 | 0.1.0 | 38.00 | OK | |||
r-oldrel-windows-x86_64 | 0.1.0 | 9.00 | 64.00 | 73.00 | OK |
Version: 0.1.0
Check: data for non-ASCII characters
Result: NOTE
Note: found 14 marked UTF-8 strings
Flavors: r-devel-linux-x86_64-fedora-clang, r-devel-linux-x86_64-fedora-gcc