Last updated on 2024-04-17 19:58:56 CEST.
Flavor | Version | Tinstall | Tcheck | Ttotal | Status | Flags |
---|---|---|---|---|---|---|
r-devel-linux-x86_64-debian-clang | 0.1.5 | 11.57 | 149.02 | 160.59 | NOTE | |
r-devel-linux-x86_64-debian-gcc | 0.1.5 | 11.05 | 109.34 | 120.39 | NOTE | |
r-devel-linux-x86_64-fedora-clang | 0.1.5 | 208.83 | NOTE | |||
r-devel-linux-x86_64-fedora-gcc | 0.1.5 | 210.49 | NOTE | |||
r-prerel-macos-arm64 | 0.1.5 | 60.00 | NOTE | |||
r-prerel-windows-x86_64 | 0.1.5 | 14.00 | 120.00 | 134.00 | NOTE | |
r-patched-linux-x86_64 | 0.1.5 | 11.98 | 141.43 | 153.41 | NOTE | |
r-release-linux-x86_64 | 0.1.5 | 12.77 | 142.32 | 155.09 | NOTE | |
r-release-macos-arm64 | 0.1.5 | 63.00 | NOTE | |||
r-release-macos-x86_64 | 0.1.5 | 101.00 | NOTE | |||
r-release-windows-x86_64 | 0.1.5 | 18.00 | 144.00 | 162.00 | NOTE | |
r-oldrel-macos-arm64 | 0.1.5 | 52.00 | NOTE | |||
r-oldrel-windows-x86_64 | 0.1.5 | 20.00 | 153.00 | 173.00 | NOTE |
Version: 0.1.5
Check: LazyData
Result: NOTE
'LazyData' is specified without a 'data' directory
Flavors: r-devel-linux-x86_64-debian-clang, r-devel-linux-x86_64-debian-gcc, r-devel-linux-x86_64-fedora-clang, r-devel-linux-x86_64-fedora-gcc, r-prerel-macos-arm64, r-prerel-windows-x86_64, r-patched-linux-x86_64, r-release-linux-x86_64, r-release-macos-arm64, r-release-macos-x86_64, r-release-windows-x86_64, r-oldrel-macos-arm64, r-oldrel-windows-x86_64
Version: 0.1.5
Check: dependencies in R code
Result: NOTE
Namespaces in Imports field not imported from:
‘shiny’ ‘tidyselect’
All declared Imports should be used.
Flavors: r-devel-linux-x86_64-fedora-clang, r-devel-linux-x86_64-fedora-gcc, r-oldrel-macos-arm64