Last updated on 2023-09-23 08:11:12 CEST.
Flavor | Version | Tinstall | Tcheck | Ttotal | Status | Flags |
---|---|---|---|---|---|---|
r-devel-linux-x86_64-debian-clang | 0.0.5 | 8.92 | 54.84 | 63.76 | OK | |
r-devel-linux-x86_64-debian-gcc | 0.0.5 | 10.01 | 43.38 | 53.39 | OK | |
r-devel-linux-x86_64-fedora-clang | 0.0.5 | 81.33 | NOTE | |||
r-devel-linux-x86_64-fedora-gcc | 0.0.5 | 94.26 | NOTE | |||
r-devel-windows-x86_64 | 0.0.5 | 12.00 | 80.00 | 92.00 | OK | |
r-patched-linux-x86_64 | 0.0.5 | 7.68 | 54.87 | 62.55 | OK | |
r-release-linux-x86_64 | 0.0.5 | 6.39 | 54.02 | 60.41 | OK | |
r-release-macos-arm64 | 0.0.5 | 101.00 | OK | |||
r-release-macos-x86_64 | 0.0.5 | 131.00 | OK | |||
r-release-windows-x86_64 | 0.0.5 | 17.00 | 83.00 | 100.00 | OK | |
r-oldrel-macos-arm64 | 0.0.5 | 106.00 | NOTE | |||
r-oldrel-macos-x86_64 | 0.0.5 | 107.00 | NOTE | |||
r-oldrel-windows-x86_64 | 0.0.5 | 17.00 | 87.00 | 104.00 | OK |
Version: 0.0.5
Check: data for non-ASCII characters
Result: NOTE
Note: found 4413 marked UTF-8 strings
Flavors: r-devel-linux-x86_64-fedora-clang, r-devel-linux-x86_64-fedora-gcc, r-oldrel-macos-arm64, r-oldrel-macos-x86_64