CRAN Package Check Results for Package wbstats

Last updated on 2023-12-04 18:52:34 CET.

Flavor Version Tinstall Tcheck Ttotal Status Flags
r-devel-linux-x86_64-debian-clang 1.0.4 7.83 53.16 60.99 OK
r-devel-linux-x86_64-debian-gcc 1.0.4 5.11 40.23 45.34 OK
r-devel-linux-x86_64-fedora-clang 1.0.4 78.86 NOTE
r-devel-linux-x86_64-fedora-gcc 1.0.4 83.55 NOTE
r-devel-windows-x86_64 1.0.4 7.00 70.00 77.00 OK
r-patched-linux-x86_64 1.0.4 5.09 50.77 55.86 OK
r-release-linux-x86_64 1.0.4 4.17 50.43 54.60 OK
r-release-macos-arm64 1.0.4 35.00 OK
r-release-macos-x86_64 1.0.4 55.00 OK
r-release-windows-x86_64 1.0.4 9.00 74.00 83.00 OK
r-oldrel-macos-arm64 1.0.4 28.00 NOTE
r-oldrel-macos-x86_64 1.0.4 45.00 NOTE
r-oldrel-windows-x86_64 1.0.4 9.00 67.00 76.00 OK

Check Details

Version: 1.0.4
Check: data for non-ASCII characters
Result: NOTE Note: found 3133 marked UTF-8 strings Flavors: r-devel-linux-x86_64-fedora-clang, r-devel-linux-x86_64-fedora-gcc, r-oldrel-macos-arm64, r-oldrel-macos-x86_64