Last updated on 2023-10-02 20:12:15 CEST.
Flavor | Version | Tinstall | Tcheck | Ttotal | Status | Flags |
---|---|---|---|---|---|---|
r-devel-linux-x86_64-debian-clang | 0.4.2 | 7.73 | 564.72 | 572.45 | OK | |
r-devel-linux-x86_64-debian-gcc | 0.4.2 | 5.56 | 411.89 | 417.45 | OK | |
r-devel-linux-x86_64-fedora-clang | 0.4.2 | 677.61 | NOTE | |||
r-devel-linux-x86_64-fedora-gcc | 0.4.2 | 704.43 | NOTE | |||
r-devel-windows-x86_64 | 0.4.2 | 10.00 | 343.00 | 353.00 | OK | |
r-patched-linux-x86_64 | 0.4.2 | 7.13 | 568.03 | 575.16 | OK | |
r-release-linux-x86_64 | 0.4.2 | 6.73 | 568.40 | 575.13 | OK | |
r-release-macos-arm64 | 0.4.2 | 171.00 | OK | |||
r-release-macos-x86_64 | 0.4.2 | 330.00 | OK | |||
r-release-windows-x86_64 | 0.4.2 | 11.00 | 400.00 | 411.00 | OK | |
r-oldrel-macos-arm64 | 0.4.2 | 167.00 | OK | |||
r-oldrel-macos-x86_64 | 0.4.2 | 214.00 | OK | |||
r-oldrel-windows-x86_64 | 0.4.2 | 12.00 | 404.00 | 416.00 | OK |
Version: 0.4.2
Check: data for non-ASCII characters
Result: NOTE
Note: found 1 marked UTF-8 string
Flavors: r-devel-linux-x86_64-fedora-clang, r-devel-linux-x86_64-fedora-gcc