Last updated on 2024-04-17 19:58:56 CEST.
Flavor | Version | Tinstall | Tcheck | Ttotal | Status | Flags |
---|---|---|---|---|---|---|
r-devel-linux-x86_64-debian-clang | 1.8.4 | 12.53 | 74.25 | 86.78 | OK | |
r-devel-linux-x86_64-debian-gcc | 1.8.4 | 8.60 | 56.78 | 65.38 | OK | |
r-devel-linux-x86_64-fedora-clang | 1.8.4 | 110.76 | OK | |||
r-devel-linux-x86_64-fedora-gcc | 1.8.4 | 106.67 | OK | |||
r-prerel-macos-arm64 | 1.8.4 | 34.00 | OK | |||
r-prerel-windows-x86_64 | 1.8.4 | 14.00 | 86.00 | 100.00 | OK | |
r-patched-linux-x86_64 | 1.8.4 | 14.61 | 73.50 | 88.11 | OK | |
r-release-linux-x86_64 | 1.8.4 | 13.69 | 73.18 | 86.87 | OK | |
r-release-macos-arm64 | 1.8.4 | 35.00 | OK | |||
r-release-macos-x86_64 | 1.8.4 | 55.00 | NOTE | |||
r-release-windows-x86_64 | 1.8.4 | 13.00 | 99.00 | 112.00 | OK | |
r-oldrel-macos-arm64 | 1.8.4 | 36.00 | OK | |||
r-oldrel-windows-x86_64 | 1.8.4 | 17.00 | 86.00 | 103.00 | OK |
Version: 1.8.4
Check: package dependencies
Result: NOTE
Package suggested but not available for checking: ‘fftw’
Flavor: r-release-macos-x86_64