Last updated on 2024-04-26 08:55:20 CEST.
Flavor | Version | Tinstall | Tcheck | Ttotal | Status | Flags |
---|---|---|---|---|---|---|
r-devel-linux-x86_64-debian-clang | 0.4 | 79.20 | 30.54 | 109.74 | OK | |
r-devel-linux-x86_64-debian-gcc | 0.4 | 63.45 | 23.16 | 86.61 | OK | |
r-devel-linux-x86_64-fedora-clang | 0.4 | 167.84 | OK | |||
r-devel-linux-x86_64-fedora-gcc | 0.4 | 168.70 | OK | |||
r-devel-windows-x86_64 | 0.4 | 67.00 | 67.00 | 134.00 | OK | |
r-patched-linux-x86_64 | 0.4 | 93.41 | 28.73 | 122.14 | OK | |
r-release-linux-x86_64 | 0.4 | 84.38 | 29.40 | 113.78 | OK | |
r-release-macos-arm64 | 0.4 | 35.00 | NOTE | |||
r-release-windows-x86_64 | 0.4 | 66.00 | 66.00 | 132.00 | OK | |
r-oldrel-macos-arm64 | 0.4 | 44.00 | NOTE | |||
r-oldrel-macos-x86_64 | 0.4 | 56.00 | NOTE | |||
r-oldrel-windows-x86_64 | 0.4 | 81.00 | 73.00 | 154.00 | OK |
Version: 0.4
Check: installed package size
Result: NOTE
installed size is 5.6Mb
sub-directories of 1Mb or more:
libs 5.5Mb
Flavors: r-release-macos-arm64, r-oldrel-macos-arm64, r-oldrel-macos-x86_64