Last updated on 2023-05-27 19:56:40 CEST.
Flavor | Version | Tinstall | Tcheck | Ttotal | Status | Flags |
---|---|---|---|---|---|---|
r-devel-linux-x86_64-debian-clang | 1.1.28 | 51.94 | 244.22 | 296.16 | OK | |
r-devel-linux-x86_64-debian-gcc | 1.1.28 | 44.88 | 182.18 | 227.06 | OK | |
r-devel-linux-x86_64-fedora-clang | 1.1.28 | 399.20 | NOTE | |||
r-devel-linux-x86_64-fedora-gcc | 1.1.28 | 382.06 | OK | |||
r-devel-windows-x86_64 | 1.1.28 | 45.00 | 236.00 | 281.00 | NOTE | |
r-patched-linux-x86_64 | 1.1.28 | 50.03 | 234.47 | 284.50 | OK | |
r-release-linux-x86_64 | 1.1.28 | 44.43 | 236.89 | 281.32 | OK | |
r-release-macos-arm64 | 1.1.28 | 110.00 | NOTE | |||
r-release-macos-x86_64 | 1.1.28 | 184.00 | NOTE | |||
r-release-windows-x86_64 | 1.1.28 | 57.00 | 299.00 | 356.00 | NOTE | |
r-oldrel-macos-arm64 | 1.1.28 | 118.00 | NOTE | |||
r-oldrel-macos-x86_64 | 1.1.28 | 145.00 | NOTE | |||
r-oldrel-windows-x86_64 | 1.1.28 | 56.00 | 256.00 | 312.00 | NOTE |
Version: 1.1.28
Check: installed package size
Result: NOTE
installed size is 7.4Mb
sub-directories of 1Mb or more:
R 1.2Mb
doc 5.5Mb
Flavors: r-devel-linux-x86_64-fedora-clang, r-devel-windows-x86_64, r-release-macos-arm64, r-release-macos-x86_64, r-release-windows-x86_64, r-oldrel-macos-arm64, r-oldrel-macos-x86_64, r-oldrel-windows-x86_64