CRAN Package Check Results for Package vprr

Last updated on 2024-02-28 07:53:59 CET.

Flavor Version Tinstall Tcheck Ttotal Status Flags
r-devel-linux-x86_64-debian-clang 0.2.3 15.96 101.44 117.40 OK
r-devel-linux-x86_64-debian-gcc 0.2.3 12.38 77.93 90.31 OK
r-devel-linux-x86_64-fedora-clang 0.2.3 145.21 NOTE
r-devel-linux-x86_64-fedora-gcc 0.2.3 154.69 NOTE
r-devel-windows-x86_64 0.2.3 20.00 99.00 119.00 NOTE
r-patched-linux-x86_64 0.2.3 22.17 98.17 120.34 OK
r-release-linux-x86_64 0.2.3 10.93 99.99 110.92 OK
r-release-macos-arm64 0.2.3 52.00 NOTE
r-release-macos-x86_64 0.2.3 85.00 NOTE
r-release-windows-x86_64 0.2.3 24.00 118.00 142.00 NOTE
r-oldrel-macos-arm64 0.2.3 48.00 NOTE
r-oldrel-windows-x86_64 0.2.3 27.00 115.00 142.00 NOTE

Check Details

Version: 0.2.3
Check: installed package size
Result: NOTE installed size is 9.9Mb sub-directories of 1Mb or more: extdata 8.6Mb Flavors: r-devel-linux-x86_64-fedora-clang, r-devel-windows-x86_64, r-release-macos-arm64, r-release-macos-x86_64, r-release-windows-x86_64, r-oldrel-macos-arm64, r-oldrel-windows-x86_64

Version: 0.2.3
Check: dependencies in R code
Result: NOTE Namespace in Imports field not imported from: ‘usethis’ All declared Imports should be used. Flavors: r-devel-linux-x86_64-fedora-clang, r-devel-linux-x86_64-fedora-gcc, r-oldrel-macos-arm64