Last updated on 2024-04-25 08:00:11 CEST.
Flavor | Version | Tinstall | Tcheck | Ttotal | Status | Flags |
---|---|---|---|---|---|---|
r-devel-linux-x86_64-debian-clang | 1.3.5 | 16.24 | 150.24 | 166.48 | NOTE | |
r-devel-linux-x86_64-debian-gcc | 1.3.5 | 11.79 | 111.47 | 123.26 | NOTE | |
r-devel-linux-x86_64-fedora-clang | 1.3.5 | 213.61 | NOTE | |||
r-devel-linux-x86_64-fedora-gcc | 1.3.5 | 193.32 | NOTE | |||
r-devel-windows-x86_64 | 1.3.5 | 14.00 | 122.00 | 136.00 | NOTE | |
r-patched-linux-x86_64 | 1.3.5 | 13.22 | 143.11 | 156.33 | NOTE | |
r-release-linux-x86_64 | 1.3.5 | 15.02 | 145.60 | 160.62 | NOTE | |
r-release-macos-arm64 | 1.3.5 | 60.00 | NOTE | |||
r-release-windows-x86_64 | 1.3.5 | 14.00 | 120.00 | 134.00 | NOTE | |
r-oldrel-macos-arm64 | 1.3.5 | 66.00 | NOTE | |||
r-oldrel-macos-x86_64 | 1.3.5 | 99.00 | NOTE | |||
r-oldrel-windows-x86_64 | 1.3.5 | 18.00 | 159.00 | 177.00 | NOTE |
Version: 1.3.5
Check: package subdirectories
Result: NOTE
Problems with news in ‘NEWS.md’:
No news entries found.
Flavors: r-devel-linux-x86_64-debian-clang, r-devel-linux-x86_64-debian-gcc, r-devel-linux-x86_64-fedora-clang, r-devel-linux-x86_64-fedora-gcc, r-devel-windows-x86_64, r-patched-linux-x86_64, r-release-linux-x86_64, r-release-macos-arm64, r-release-windows-x86_64, r-oldrel-macos-arm64, r-oldrel-macos-x86_64, r-oldrel-windows-x86_64
Version: 1.3.5
Check: LazyData
Result: NOTE
'LazyData' is specified without a 'data' directory
Flavors: r-devel-linux-x86_64-debian-clang, r-devel-linux-x86_64-debian-gcc, r-devel-linux-x86_64-fedora-clang, r-devel-linux-x86_64-fedora-gcc, r-devel-windows-x86_64, r-patched-linux-x86_64, r-release-linux-x86_64, r-release-macos-arm64, r-release-windows-x86_64, r-oldrel-macos-arm64, r-oldrel-macos-x86_64, r-oldrel-windows-x86_64
Version: 1.3.5
Check: dependencies in R code
Result: NOTE
Namespace in Imports field not imported from: ‘methods’
All declared Imports should be used.
Flavors: r-devel-linux-x86_64-fedora-clang, r-devel-linux-x86_64-fedora-gcc