Last updated on 2024-03-28 19:48:49 CET.
Flavor | Version | Tinstall | Tcheck | Ttotal | Status | Flags |
---|---|---|---|---|---|---|
r-devel-linux-x86_64-debian-clang | 0.1.1 | 8.37 | 80.10 | 88.47 | NOTE | |
r-devel-linux-x86_64-debian-gcc | 0.1.1 | 6.82 | 59.25 | 66.07 | NOTE | |
r-devel-linux-x86_64-fedora-clang | 0.1.1 | 111.97 | NOTE | |||
r-devel-linux-x86_64-fedora-gcc | 0.1.1 | 105.70 | NOTE | |||
r-devel-windows-x86_64 | 0.1.1 | 8.00 | 77.00 | 85.00 | NOTE | |
r-patched-linux-x86_64 | 0.1.1 | 9.33 | 76.26 | 85.59 | NOTE | |
r-release-linux-x86_64 | 0.1.1 | 9.50 | 77.58 | 87.08 | NOTE | |
r-release-macos-arm64 | 0.1.1 | 36.00 | NOTE | |||
r-release-macos-x86_64 | 0.1.1 | 55.00 | NOTE | |||
r-release-windows-x86_64 | 0.1.1 | 8.00 | 94.00 | 102.00 | NOTE | |
r-oldrel-macos-arm64 | 0.1.1 | 32.00 | NOTE | |||
r-oldrel-windows-x86_64 | 0.1.1 | 13.00 | 92.00 | 105.00 | NOTE |
Version: 0.1.1
Check: LazyData
Result: NOTE
'LazyData' is specified without a 'data' directory
Flavors: r-devel-linux-x86_64-debian-clang, r-devel-linux-x86_64-debian-gcc, r-devel-linux-x86_64-fedora-clang, r-devel-linux-x86_64-fedora-gcc, r-devel-windows-x86_64, r-patched-linux-x86_64, r-release-linux-x86_64, r-release-macos-arm64, r-release-macos-x86_64, r-release-windows-x86_64, r-oldrel-macos-arm64, r-oldrel-windows-x86_64