Last updated on 2023-05-28 20:04:13 CEST.
Flavor | Version | Tinstall | Tcheck | Ttotal | Status | Flags |
---|---|---|---|---|---|---|
r-devel-linux-x86_64-debian-clang | 1.1.2-6 | 593.12 | 67.46 | 660.58 | OK | |
r-devel-linux-x86_64-debian-gcc | 1.1.2-6 | 507.61 | 72.99 | 580.60 | OK | |
r-devel-linux-x86_64-fedora-clang | 1.1.2-6 | 836.04 | OK | |||
r-devel-linux-x86_64-fedora-gcc | 1.1.2-6 | 1076.87 | OK | |||
r-devel-windows-x86_64 | 1.1.2-6 | 463.00 | 131.00 | 594.00 | OK | |
r-patched-linux-x86_64 | 1.1.2-6 | 542.59 | 95.43 | 638.02 | OK | |
r-release-linux-x86_64 | 1.1.2-6 | 516.22 | 94.88 | 611.10 | OK | |
r-release-macos-arm64 | 1.1.2-6 | 261.00 | NOTE | |||
r-release-macos-x86_64 | 1.1.2-6 | 201.00 | NOTE | |||
r-release-windows-x86_64 | 1.1.2-6 | 603.00 | 151.00 | 754.00 | OK | |
r-oldrel-macos-arm64 | 1.1.2-6 | 266.00 | NOTE | |||
r-oldrel-macos-x86_64 | 1.1.2-6 | 298.00 | NOTE | |||
r-oldrel-windows-x86_64 | 1.1.2-6 | 543.00 | 130.00 | 673.00 | OK |
Version: 1.1.2-6
Check: installed package size
Result: NOTE
installed size is 61.2Mb
sub-directories of 1Mb or more:
libs 60.8Mb
Flavors: r-release-macos-arm64, r-release-macos-x86_64, r-oldrel-macos-arm64, r-oldrel-macos-x86_64