CRAN Package Check Results for Package vivo

Last updated on 2023-05-29 08:55:14 CEST.

Flavor Version Tinstall Tcheck Ttotal Status Flags
r-devel-linux-x86_64-debian-clang 0.2.1 4.91 90.00 94.91 NOTE
r-devel-linux-x86_64-debian-gcc 0.2.1 4.72 69.65 74.37 NOTE
r-devel-linux-x86_64-fedora-clang 0.2.1 117.95 NOTE
r-devel-linux-x86_64-fedora-gcc 0.2.1 127.79 NOTE
r-devel-windows-x86_64 0.2.1 7.00 90.00 97.00 NOTE
r-patched-linux-x86_64 0.2.1 5.16 85.02 90.18 NOTE
r-release-linux-x86_64 0.2.1 3.68 85.16 88.84 NOTE
r-release-macos-arm64 0.2.1 63.00 NOTE
r-release-macos-x86_64 0.2.1 81.00 NOTE
r-release-windows-x86_64 0.2.1 8.00 103.00 111.00 NOTE
r-oldrel-macos-arm64 0.2.1 61.00 NOTE
r-oldrel-macos-x86_64 0.2.1 72.00 NOTE
r-oldrel-windows-x86_64 0.2.1 8.00 104.00 112.00 NOTE

Check Details

Version: 0.2.1
Check: LazyData
Result: NOTE
     'LazyData' is specified without a 'data' directory
Flavors: r-devel-linux-x86_64-debian-clang, r-devel-linux-x86_64-debian-gcc, r-devel-linux-x86_64-fedora-clang, r-devel-linux-x86_64-fedora-gcc, r-devel-windows-x86_64, r-patched-linux-x86_64, r-release-linux-x86_64, r-release-macos-arm64, r-release-macos-x86_64, r-release-windows-x86_64, r-oldrel-macos-arm64, r-oldrel-macos-x86_64, r-oldrel-windows-x86_64