CRAN Package Check Results for Package vivid

Last updated on 2024-06-12 19:54:42 CEST.

Flavor Version Tinstall Tcheck Ttotal Status Flags
r-devel-linux-x86_64-debian-clang 0.2.8 11.48 102.77 114.25 OK
r-devel-linux-x86_64-debian-gcc 0.2.8 0.59 1.91 2.50 ERROR
r-devel-linux-x86_64-fedora-clang 0.2.8 139.56 OK
r-devel-linux-x86_64-fedora-gcc 0.2.8 139.47 OK
r-devel-windows-x86_64 0.2.8 10.00 96.00 106.00 OK
r-patched-linux-x86_64 0.2.8 11.27 99.58 110.85 OK
r-release-linux-x86_64 0.2.8 10.20 98.36 108.56 OK
r-release-macos-arm64 0.2.8 51.00 OK
r-release-macos-x86_64 0.2.8 77.00 OK
r-release-windows-x86_64 0.2.8 10.00 96.00 106.00 OK
r-oldrel-macos-arm64 0.2.8 57.00 OK
r-oldrel-macos-x86_64 0.2.8 109.00 OK
r-oldrel-windows-x86_64 0.2.8 12.00 112.00 124.00 OK

Check Details

Version: 0.2.8
Check: package dependencies
Result: ERROR Packages required but not available: 'condvis2', 'ggplot2', 'GGally', 'ggalt', 'dplyr', 'igraph', 'flashlight', 'ggnewscale' Packages suggested but not available for checking: 'intergraph', 'network', 'sna', 'mlr', 'tidymodels', 'lemon', 'vip', 'testthat' See section ‘The DESCRIPTION file’ in the ‘Writing R Extensions’ manual. Flavor: r-devel-linux-x86_64-debian-gcc