Last updated on 2024-03-28 19:48:49 CET.
Flavor | Version | Tinstall | Tcheck | Ttotal | Status | Flags |
---|---|---|---|---|---|---|
r-devel-linux-x86_64-debian-clang | 1.0.0 | 18.62 | 212.89 | 231.51 | NOTE | |
r-devel-linux-x86_64-debian-gcc | 1.0.0 | 13.53 | 158.33 | 171.86 | NOTE | |
r-devel-linux-x86_64-fedora-clang | 1.0.0 | 286.78 | NOTE | |||
r-devel-linux-x86_64-fedora-gcc | 1.0.0 | 287.32 | NOTE | |||
r-devel-windows-x86_64 | 1.0.0 | 19.00 | 172.00 | 191.00 | NOTE | |
r-patched-linux-x86_64 | 1.0.0 | 15.33 | 203.52 | 218.85 | NOTE | |
r-release-linux-x86_64 | 1.0.0 | 18.82 | 200.13 | 218.95 | OK | |
r-release-macos-arm64 | 1.0.0 | 85.00 | OK | |||
r-release-macos-x86_64 | 1.0.0 | 137.00 | OK | |||
r-release-windows-x86_64 | 1.0.0 | 23.00 | 223.00 | 246.00 | OK | |
r-oldrel-macos-arm64 | 1.0.0 | 67.00 | OK | |||
r-oldrel-windows-x86_64 | 1.0.0 | 26.00 | 222.00 | 248.00 | OK |
Version: 1.0.0
Check: Rd files
Result: NOTE
checkRd: (-1) compdesc.Rd:24: Lost braces in \itemize; \value handles \item{}{} directly
checkRd: (-1) compdesc.Rd:25: Lost braces in \itemize; \value handles \item{}{} directly
checkRd: (-1) compdesc.Rd:26: Lost braces in \itemize; \value handles \item{}{} directly
checkRd: (-1) compdesc.Rd:27: Lost braces in \itemize; \value handles \item{}{} directly
checkRd: (-1) compdesc.Rd:28: Lost braces in \itemize; \value handles \item{}{} directly
checkRd: (-1) compdesc.Rd:29: Lost braces in \itemize; \value handles \item{}{} directly
checkRd: (-1) compdesc.Rd:30: Lost braces in \itemize; \value handles \item{}{} directly
checkRd: (-1) compdesc.Rd:31: Lost braces in \itemize; \value handles \item{}{} directly
checkRd: (-1) compdesc.Rd:32: Lost braces in \itemize; \value handles \item{}{} directly
Flavors: r-devel-linux-x86_64-debian-clang, r-devel-linux-x86_64-debian-gcc, r-devel-linux-x86_64-fedora-clang, r-devel-linux-x86_64-fedora-gcc, r-devel-windows-x86_64, r-patched-linux-x86_64