Last updated on 2024-03-28 19:48:49 CET.
Flavor | Version | Tinstall | Tcheck | Ttotal | Status | Flags |
---|---|---|---|---|---|---|
r-devel-linux-x86_64-debian-clang | 0.4.0 | 4.71 | 52.91 | 57.62 | OK | |
r-devel-linux-x86_64-debian-gcc | 0.4.0 | 3.85 | 40.28 | 44.13 | OK | |
r-devel-linux-x86_64-fedora-clang | 0.4.0 | 87.57 | NOTE | |||
r-devel-linux-x86_64-fedora-gcc | 0.4.0 | 97.52 | NOTE | |||
r-devel-windows-x86_64 | 0.4.0 | 5.00 | 59.00 | 64.00 | OK | |
r-patched-linux-x86_64 | 0.4.0 | 5.25 | 51.74 | 56.99 | OK | |
r-release-linux-x86_64 | 0.4.0 | 4.31 | 62.49 | 66.80 | OK | |
r-release-macos-arm64 | 0.4.0 | 36.00 | OK | |||
r-release-macos-x86_64 | 0.4.0 | 55.00 | OK | |||
r-release-windows-x86_64 | 0.4.0 | 6.00 | 63.00 | 69.00 | OK | |
r-oldrel-macos-arm64 | 0.4.0 | 22.00 | NOTE | |||
r-oldrel-windows-x86_64 | 0.4.0 | 8.00 | 80.00 | 88.00 | OK |
Version: 0.4.0
Check: data for non-ASCII characters
Result: NOTE
Note: found 468 marked UTF-8 strings
Flavors: r-devel-linux-x86_64-fedora-clang, r-devel-linux-x86_64-fedora-gcc, r-oldrel-macos-arm64