Last updated on 2024-03-28 07:53:07 CET.
Flavor | Version | Tinstall | Tcheck | Ttotal | Status | Flags |
---|---|---|---|---|---|---|
r-devel-linux-x86_64-debian-clang | 0.2.5 | 8.39 | 114.37 | 122.76 | OK | |
r-devel-linux-x86_64-debian-gcc | 0.2.5 | 6.09 | 87.08 | 93.17 | OK | |
r-devel-linux-x86_64-fedora-clang | 0.2.5 | 160.08 | OK | |||
r-devel-linux-x86_64-fedora-gcc | 0.2.5 | 172.40 | OK | |||
r-devel-windows-x86_64 | 0.2.5 | 8.00 | 98.00 | 106.00 | ERROR | |
r-patched-linux-x86_64 | 0.2.5 | 8.68 | 112.42 | 121.10 | OK | |
r-release-linux-x86_64 | 0.2.5 | 6.60 | 106.55 | 113.15 | OK | |
r-release-macos-arm64 | 0.2.5 | 52.00 | OK | |||
r-release-macos-x86_64 | 0.2.5 | 142.00 | OK | |||
r-release-windows-x86_64 | 0.2.5 | 10.00 | 134.00 | 144.00 | OK | |
r-oldrel-macos-arm64 | 0.2.5 | 51.00 | OK | |||
r-oldrel-windows-x86_64 | 0.2.5 | 11.00 | 133.00 | 144.00 | OK |
Version: 0.2.5
Check: tests
Result: ERROR
Running 'testthat.R' [6s]
Running the tests in 'tests/testthat.R' failed.
Complete output:
> library(testthat)
> library(vetiver)
>
> test_check("vetiver")
Loading required package: ggplot2
Loading required package: lattice
Flavor: r-devel-windows-x86_64