CRAN Package Check Results for Package vegtable

Last updated on 2024-02-27 07:55:04 CET.

Flavor Version Tinstall Tcheck Ttotal Status Flags
r-devel-linux-x86_64-debian-clang 0.1.8 12.32 133.13 145.45 OK
r-devel-linux-x86_64-debian-gcc 0.1.8 9.23 103.20 112.43 OK
r-devel-linux-x86_64-fedora-clang 0.1.8 178.18 NOTE
r-devel-linux-x86_64-fedora-gcc 0.1.8 178.89 NOTE
r-devel-windows-x86_64 0.1.8 13.00 127.00 140.00 OK
r-patched-linux-x86_64 0.1.8 17.20 130.42 147.62 OK
r-release-linux-x86_64 0.1.8 9.42 130.90 140.32 OK
r-release-macos-arm64 0.1.8 61.00 OK
r-release-macos-x86_64 0.1.8 106.00 OK
r-release-windows-x86_64 0.1.8 18.00 159.00 177.00 OK
r-oldrel-macos-arm64 0.1.8 43.00 OK
r-oldrel-windows-x86_64 0.1.8 19.00 155.00 174.00 OK

Check Details

Version: 0.1.8
Check: data for non-ASCII characters
Result: NOTE Note: found 128 marked UTF-8 strings Flavors: r-devel-linux-x86_64-fedora-clang, r-devel-linux-x86_64-fedora-gcc