Last updated on 2023-10-04 08:01:53 CEST.
Flavor | Version | Tinstall | Tcheck | Ttotal | Status | Flags |
---|---|---|---|---|---|---|
r-devel-linux-x86_64-debian-clang | 0.1.3-2 | 2.93 | 30.57 | 33.50 | OK | |
r-devel-linux-x86_64-debian-gcc | 0.1.3-2 | 2.45 | 23.46 | 25.91 | OK | |
r-devel-linux-x86_64-fedora-clang | 0.1.3-2 | 41.66 | OK | |||
r-devel-linux-x86_64-fedora-gcc | 0.1.3-2 | 41.22 | OK | |||
r-devel-windows-x86_64 | 0.1.3-2 | 4.00 | 48.00 | 52.00 | OK | |
r-patched-linux-x86_64 | 0.1.3-2 | 2.95 | 29.70 | 32.65 | OK | |
r-release-linux-x86_64 | 0.1.3-2 | 2.91 | 29.89 | 32.80 | OK | |
r-release-macos-arm64 | 0.1.3-2 | 18.00 | OK | |||
r-release-macos-x86_64 | 0.1.3-2 | 24.00 | NOTE | |||
r-release-windows-x86_64 | 0.1.3-2 | 5.00 | 48.00 | 53.00 | OK | |
r-oldrel-macos-arm64 | 0.1.3-2 | 18.00 | OK | |||
r-oldrel-macos-x86_64 | 0.1.3-2 | 23.00 | OK | |||
r-oldrel-windows-x86_64 | 0.1.3-2 | 5.00 | 49.00 | 54.00 | OK |
Version: 0.1.3-2
Check: package dependencies
Result: NOTE
Package suggested but not available for checking: ‘ggtern’
Flavor: r-release-macos-x86_64