Last updated on 2025-01-20 19:49:30 CET.
Flavor | Version | Tinstall | Tcheck | Ttotal | Status | Flags |
---|---|---|---|---|---|---|
r-devel-linux-x86_64-debian-clang | 1.6.0 | 23.14 | 83.79 | 106.93 | OK | |
r-devel-linux-x86_64-debian-gcc | 1.6.0 | 13.52 | 61.91 | 75.43 | OK | |
r-devel-linux-x86_64-fedora-clang | 1.6.0 | 177.91 | OK | |||
r-devel-linux-x86_64-fedora-gcc | 1.6.0 | 185.00 | OK | |||
r-devel-windows-x86_64 | 1.6.0 | 22.00 | 119.00 | 141.00 | OK | |
r-patched-linux-x86_64 | 1.6.0 | 23.33 | 79.12 | 102.45 | OK | |
r-release-linux-x86_64 | 1.6.0 | 18.96 | 79.01 | 97.97 | OK | |
r-release-macos-arm64 | 1.6.0 | 77.00 | NOTE | |||
r-release-macos-x86_64 | 1.6.0 | 176.00 | NOTE | |||
r-release-windows-x86_64 | 1.6.0 | 22.00 | 119.00 | 141.00 | NOTE | |
r-oldrel-macos-arm64 | 1.6.0 | 86.00 | NOTE | |||
r-oldrel-macos-x86_64 | 1.6.0 | 130.00 | NOTE | |||
r-oldrel-windows-x86_64 | 1.6.0 | 25.00 | 139.00 | 164.00 | NOTE |
Version: 1.6.0
Check: installed package size
Result: NOTE
installed size is 8.6Mb
sub-directories of 1Mb or more:
doc 7.5Mb
Flavors: r-release-macos-arm64, r-release-macos-x86_64, r-release-windows-x86_64, r-oldrel-macos-arm64, r-oldrel-macos-x86_64, r-oldrel-windows-x86_64