Last updated on 2023-11-28 18:49:37 CET.
Flavor | Version | Tinstall | Tcheck | Ttotal | Status | Flags |
---|---|---|---|---|---|---|
r-devel-linux-x86_64-debian-clang | 1.2.2 | 22.37 | 92.65 | 115.02 | OK | |
r-devel-linux-x86_64-debian-gcc | 1.2.2 | 18.17 | 70.86 | 89.03 | OK | |
r-devel-linux-x86_64-fedora-clang | 1.2.2 | 146.39 | NOTE | |||
r-devel-linux-x86_64-fedora-gcc | 1.2.2 | 155.68 | OK | |||
r-devel-windows-x86_64 | 1.2.2 | 18.00 | 111.00 | 129.00 | NOTE | |
r-patched-linux-x86_64 | 1.2.2 | 22.43 | 90.55 | 112.98 | OK | |
r-release-linux-x86_64 | 1.2.2 | 22.73 | 90.42 | 113.15 | OK | |
r-release-macos-arm64 | 1.2.2 | 64.00 | NOTE | |||
r-release-macos-x86_64 | 1.2.2 | 131.00 | NOTE | |||
r-release-windows-x86_64 | 1.2.2 | 26.00 | 126.00 | 152.00 | NOTE | |
r-oldrel-macos-arm64 | 1.2.2 | 66.00 | NOTE | |||
r-oldrel-macos-x86_64 | 1.2.2 | 78.00 | NOTE | |||
r-oldrel-windows-x86_64 | 1.2.2 | 29.00 | 121.00 | 150.00 | NOTE |
Version: 1.2.2
Check: installed package size
Result: NOTE
installed size is 8.6Mb
sub-directories of 1Mb or more:
doc 7.5Mb
Flavors: r-devel-linux-x86_64-fedora-clang, r-devel-windows-x86_64, r-release-macos-arm64, r-release-macos-x86_64, r-release-windows-x86_64, r-oldrel-macos-arm64, r-oldrel-macos-x86_64, r-oldrel-windows-x86_64