Last updated on 2023-06-06 08:02:17 CEST.
Flavor | Version | Tinstall | Tcheck | Ttotal | Status | Flags |
---|---|---|---|---|---|---|
r-devel-linux-x86_64-debian-clang | 0.8-4 | 15.45 | 231.96 | 247.41 | OK | |
r-devel-linux-x86_64-debian-gcc | 0.8-4 | 11.83 | 172.91 | 184.74 | OK | |
r-devel-linux-x86_64-fedora-clang | 0.8-4 | 303.44 | NOTE | |||
r-devel-linux-x86_64-fedora-gcc | 0.8-4 | 298.89 | OK | |||
r-devel-windows-x86_64 | 0.8-4 | 16.00 | 216.00 | 232.00 | OK | |
r-patched-linux-x86_64 | 0.8-4 | 21.99 | 216.31 | 238.30 | OK | |
r-release-linux-x86_64 | 0.8-4 | 14.15 | 216.31 | 230.46 | OK | |
r-release-macos-arm64 | 0.8-4 | 100.00 | OK | |||
r-release-macos-x86_64 | 0.8-4 | 173.00 | OK | |||
r-release-windows-x86_64 | 0.8-4 | 19.00 | 261.00 | 280.00 | OK | |
r-oldrel-macos-arm64 | 0.8-4 | 80.00 | OK | |||
r-oldrel-macos-x86_64 | 0.8-4 | 107.00 | OK | |||
r-oldrel-windows-x86_64 | 0.8-4 | 18.00 | 268.00 | 286.00 | OK |
Version: 0.8-4
Check: Rd cross-references
Result: NOTE
Undeclared package ‘factoextra’ in Rd xrefs
Flavor: r-devel-linux-x86_64-fedora-clang