Last updated on 2024-04-18 20:56:11 CEST.
Flavor | Version | Tinstall | Tcheck | Ttotal | Status | Flags |
---|---|---|---|---|---|---|
r-devel-linux-x86_64-debian-clang | 0.9.5 | 141.78 | 71.20 | 212.98 | OK | |
r-devel-linux-x86_64-debian-gcc | 0.9.5 | 106.21 | 52.83 | 159.04 | OK | |
r-devel-linux-x86_64-fedora-clang | 0.9.5 | 297.80 | OK | |||
r-devel-linux-x86_64-fedora-gcc | 0.9.5 | 298.78 | OK | |||
r-prerel-macos-arm64 | 0.9.5 | 94.00 | NOTE | |||
r-prerel-windows-x86_64 | 0.9.5 | 96.00 | 5.00 | 101.00 | ERROR | |
r-patched-linux-x86_64 | 0.9.5 | 138.02 | 67.75 | 205.77 | OK | |
r-release-linux-x86_64 | 0.9.5 | 141.47 | 66.50 | 207.97 | OK | |
r-release-macos-arm64 | 0.9.5 | 123.00 | NOTE | |||
r-release-macos-x86_64 | 0.9.5 | 158.00 | NOTE | |||
r-release-windows-x86_64 | 0.9.5 | 149.00 | 742.00 | 891.00 | NOTE | |
r-oldrel-macos-arm64 | 0.9.5 | 112.00 | NOTE | |||
r-oldrel-windows-x86_64 | 0.9.5 | 188.00 | 565.00 | 753.00 | NOTE |
Version: 0.9.5
Check: installed package size
Result: NOTE
installed size is 250.7Mb
sub-directories of 1Mb or more:
extdata 2.8Mb
libs 246.5Mb
Flavors: r-prerel-macos-arm64, r-release-macos-arm64, r-release-macos-x86_64, r-release-windows-x86_64, r-oldrel-macos-arm64, r-oldrel-windows-x86_64
Version: 0.9.5
Check: whether package can be installed
Result: ERROR
Installation failed.
Flavor: r-prerel-windows-x86_64