CRAN Package Check Results for Package valr

Last updated on 2024-06-13 20:49:32 CEST.

Flavor Version Tinstall Tcheck Ttotal Status Flags
r-devel-linux-x86_64-debian-clang 0.8.1 216.21 529.22 745.43 OK
r-devel-linux-x86_64-debian-gcc 0.8.1 0.45 1.74 2.19 ERROR
r-devel-linux-x86_64-fedora-clang 0.8.1 772.39 OK
r-devel-linux-x86_64-fedora-gcc 0.8.1 628.69 OK
r-devel-windows-x86_64 0.8.1 174.00 400.00 574.00 OK
r-patched-linux-x86_64 0.8.1 149.86 506.22 656.08 OK
r-release-linux-x86_64 0.8.1 146.57 504.04 650.61 OK
r-release-macos-arm64 0.8.1 237.00 NOTE
r-release-macos-x86_64 0.8.1 339.00 NOTE
r-release-windows-x86_64 0.8.1 183.00 430.00 613.00 OK
r-oldrel-macos-arm64 0.8.1 250.00 NOTE
r-oldrel-macos-x86_64 0.8.1 439.00 NOTE
r-oldrel-windows-x86_64 0.8.1 223.00 520.00 743.00 OK

Check Details

Version: 0.8.1
Check: package dependencies
Result: ERROR Packages required but not available: 'broom', 'dplyr', 'ggplot2', 'readr', 'stringr', 'tibble' Packages suggested but not available for checking: 'bench', 'cowplot', 'dbplyr', 'devtools', 'purrr', 'RMariaDB', 'testthat', 'vdiffr', 'tidyr' See section ‘The DESCRIPTION file’ in the ‘Writing R Extensions’ manual. Flavor: r-devel-linux-x86_64-debian-gcc

Version: 0.8.1
Check: installed package size
Result: NOTE installed size is 7.3Mb sub-directories of 1Mb or more: libs 6.2Mb Flavors: r-release-macos-arm64, r-release-macos-x86_64, r-oldrel-macos-arm64, r-oldrel-macos-x86_64