Last updated on 2023-06-02 20:56:41 CEST.
Flavor | Version | Tinstall | Tcheck | Ttotal | Status | Flags |
---|---|---|---|---|---|---|
r-devel-linux-x86_64-debian-clang | 0.6.8 | 201.40 | 507.40 | 708.80 | OK | |
r-devel-linux-x86_64-debian-gcc | 0.6.8 | 177.91 | 386.89 | 564.80 | OK | |
r-devel-linux-x86_64-fedora-clang | 0.6.8 | 950.51 | OK | |||
r-devel-linux-x86_64-fedora-gcc | 0.6.8 | 1038.31 | OK | |||
r-devel-windows-x86_64 | 0.6.8 | 155.00 | 394.00 | 549.00 | OK | |
r-patched-linux-x86_64 | 0.6.8 | OK | ||||
r-release-linux-x86_64 | 0.6.8 | 160.04 | 476.11 | 636.15 | OK | |
r-release-macos-arm64 | 0.6.8 | 214.00 | NOTE | |||
r-release-macos-x86_64 | 0.6.7 | 364.00 | NOTE | |||
r-release-windows-x86_64 | 0.6.8 | 209.00 | 511.00 | 720.00 | OK | |
r-oldrel-macos-arm64 | 0.6.8 | 201.00 | NOTE | |||
r-oldrel-macos-x86_64 | 0.6.8 | 280.00 | NOTE | |||
r-oldrel-windows-x86_64 | 0.6.8 | 188.00 | 475.00 | 663.00 | OK |
Version: 0.6.8
Check: installed package size
Result: NOTE
installed size is 7.5Mb
sub-directories of 1Mb or more:
libs 6.4Mb
Flavors: r-release-macos-arm64, r-oldrel-macos-arm64, r-oldrel-macos-x86_64
Version: 0.6.7
Check: installed package size
Result: NOTE
installed size is 6.9Mb
sub-directories of 1Mb or more:
libs 5.8Mb
Flavor: r-release-macos-x86_64