CRAN Package Check Results for Package usmap

Last updated on 2023-09-23 08:11:12 CEST.

Flavor Version Tinstall Tcheck Ttotal Status Flags
r-devel-linux-x86_64-debian-clang 0.6.2 4.04 85.92 89.96 OK
r-devel-linux-x86_64-debian-gcc 0.6.2 2.80 65.50 68.30 OK
r-devel-linux-x86_64-fedora-clang 0.6.2 114.21 NOTE
r-devel-linux-x86_64-fedora-gcc 0.6.2 117.47 NOTE
r-devel-windows-x86_64 0.6.2 5.00 97.00 102.00 OK
r-patched-linux-x86_64 0.6.2 4.53 82.76 87.29 OK
r-release-linux-x86_64 0.6.2 3.32 82.57 85.89 OK
r-release-macos-arm64 0.6.2 56.00 OK
r-release-macos-x86_64 0.6.2 131.00 OK
r-release-windows-x86_64 0.6.2 6.00 109.00 115.00 OK
r-oldrel-macos-arm64 0.6.2 47.00 OK
r-oldrel-macos-x86_64 0.6.2 56.00 OK
r-oldrel-windows-x86_64 0.6.2 6.00 108.00 114.00 OK

Check Details

Version: 0.6.2
Check: data for non-ASCII characters
Result: NOTE
     Note: found 1 marked UTF-8 string
Flavors: r-devel-linux-x86_64-fedora-clang, r-devel-linux-x86_64-fedora-gcc