Last updated on 2024-04-18 20:56:11 CEST.
Flavor | Version | Tinstall | Tcheck | Ttotal | Status | Flags |
---|---|---|---|---|---|---|
r-devel-linux-x86_64-debian-clang | 1.4.1 | 549.48 | 327.46 | 876.94 | NOTE | |
r-devel-linux-x86_64-debian-gcc | 1.4.1 | 445.45 | 332.36 | 777.81 | NOTE | |
r-devel-linux-x86_64-fedora-clang | 1.4.1 | 1304.04 | NOTE | |||
r-devel-linux-x86_64-fedora-gcc | 1.4.1 | 1322.25 | NOTE | |||
r-prerel-macos-arm64 | 1.4.1 | 243.00 | NOTE | |||
r-prerel-windows-x86_64 | 1.4.1 | 415.00 | 313.00 | 728.00 | NOTE | |
r-patched-linux-x86_64 | 1.4.1 | 540.91 | 384.65 | 925.56 | NOTE | |
r-release-linux-x86_64 | 1.4.1 | 477.77 | 395.31 | 873.08 | NOTE | |
r-release-macos-arm64 | 1.4.1 | 217.00 | NOTE | |||
r-release-macos-x86_64 | 1.4.1 | 387.00 | NOTE | |||
r-release-windows-x86_64 | 1.4.1 | 521.00 | 401.00 | 922.00 | NOTE | |
r-oldrel-macos-arm64 | 1.4.1 | 233.00 | NOTE | |||
r-oldrel-windows-x86_64 | 1.4.1 | 497.00 | 379.00 | 876.00 | NOTE |
Version: 1.4.1
Check: for GNU extensions in Makefiles
Result: NOTE
GNU make is a SystemRequirements.
Flavors: r-devel-linux-x86_64-debian-clang, r-devel-linux-x86_64-debian-gcc, r-devel-linux-x86_64-fedora-clang, r-devel-linux-x86_64-fedora-gcc, r-prerel-macos-arm64, r-prerel-windows-x86_64, r-patched-linux-x86_64, r-release-linux-x86_64, r-release-macos-arm64, r-release-macos-x86_64, r-release-windows-x86_64, r-oldrel-macos-arm64, r-oldrel-windows-x86_64
Version: 1.4.1
Check: installed package size
Result: NOTE
installed size is 6.2Mb
sub-directories of 1Mb or more:
R 1.4Mb
doc 1.4Mb
libs 2.5Mb
Flavors: r-devel-linux-x86_64-fedora-clang, r-prerel-macos-arm64, r-prerel-windows-x86_64, r-release-macos-arm64, r-release-macos-x86_64, r-release-windows-x86_64, r-oldrel-macos-arm64, r-oldrel-windows-x86_64