Last updated on 2024-03-29 07:55:00 CET.
Flavor | Version | Tinstall | Tcheck | Ttotal | Status | Flags |
---|---|---|---|---|---|---|
r-devel-linux-x86_64-debian-clang | 1.1.1 | 5.21 | 127.39 | 132.60 | NOTE | |
r-devel-linux-x86_64-debian-gcc | 1.1.1 | 4.40 | 82.53 | 86.93 | NOTE | |
r-devel-linux-x86_64-fedora-clang | 1.1.1 | 164.93 | NOTE | |||
r-devel-linux-x86_64-fedora-gcc | 1.1.1 | 164.61 | NOTE | |||
r-devel-windows-x86_64 | 1.1.1 | 7.00 | 123.00 | 130.00 | NOTE | |
r-patched-linux-x86_64 | 1.1.1 | 9.75 | 117.80 | 127.55 | NOTE | |
r-release-linux-x86_64 | 1.1.1 | 5.08 | 120.35 | 125.43 | OK | |
r-release-macos-arm64 | 1.1.1 | 56.00 | OK | |||
r-release-macos-x86_64 | 1.1.1 | 95.00 | OK | |||
r-release-windows-x86_64 | 1.1.1 | 8.00 | 145.00 | 153.00 | OK | |
r-oldrel-macos-arm64 | 1.1.1 | 42.00 | NOTE | |||
r-oldrel-windows-x86_64 | 1.1.1 | 7.00 | 142.00 | 149.00 | OK |
Version: 1.1.1
Check: Rd files
Result: NOTE
checkRd: (-1) mllogitnorm.Rd:45: Lost braces
45 | link[dlogitnorm]{dlogitnorm}for the normal density.
| ^
Flavors: r-devel-linux-x86_64-debian-clang, r-devel-linux-x86_64-debian-gcc, r-devel-linux-x86_64-fedora-clang, r-devel-linux-x86_64-fedora-gcc, r-devel-windows-x86_64, r-patched-linux-x86_64
Version: 1.1.1
Check: dependencies in R code
Result: NOTE
Namespaces in Imports field not imported from:
‘extraDistr’ ‘logitnorm’ ‘nakagami’ ‘tibble’
All declared Imports should be used.
Flavors: r-devel-linux-x86_64-fedora-clang, r-devel-linux-x86_64-fedora-gcc, r-oldrel-macos-arm64