Last updated on 2023-06-10 08:53:30 CEST.
Flavor | Version | Tinstall | Tcheck | Ttotal | Status | Flags |
---|---|---|---|---|---|---|
r-devel-linux-x86_64-debian-clang | 1.4.2 | 50.66 | 133.33 | 183.99 | NOTE | |
r-devel-linux-x86_64-debian-gcc | 1.4.2 | 42.54 | 105.56 | 148.10 | NOTE | |
r-devel-linux-x86_64-fedora-clang | 1.4.2 | 242.19 | NOTE | |||
r-devel-linux-x86_64-fedora-gcc | 1.4.2 | 259.42 | NOTE | |||
r-devel-windows-x86_64 | 1.4.2 | 42.00 | 161.00 | 203.00 | NOTE | |
r-patched-linux-x86_64 | 1.4.2 | 46.73 | 129.35 | 176.08 | NOTE | |
r-release-linux-x86_64 | 1.4.2 | 50.44 | 129.24 | 179.68 | NOTE | |
r-release-macos-arm64 | 1.4.2 | 85.00 | NOTE | |||
r-release-macos-x86_64 | 1.4.2 | 134.00 | NOTE | |||
r-release-windows-x86_64 | 1.4.2 | 52.00 | 168.00 | 220.00 | OK | |
r-oldrel-macos-arm64 | 1.4.2 | 66.00 | NOTE | |||
r-oldrel-macos-x86_64 | 1.4.2 | 90.00 | NOTE | |||
r-oldrel-windows-x86_64 | 1.4.2 | 51.00 | 161.00 | 212.00 | OK |
Version: 1.4.2
Check: package dependencies
Result: NOTE
Package suggested but not available for checking: ‘MortalityLaws’
Flavors: r-devel-linux-x86_64-debian-clang, r-devel-linux-x86_64-debian-gcc, r-devel-linux-x86_64-fedora-clang, r-devel-linux-x86_64-fedora-gcc, r-devel-windows-x86_64, r-patched-linux-x86_64, r-release-linux-x86_64, r-release-macos-arm64, r-release-macos-x86_64
Version: 1.4.2
Check: Rd cross-references
Result: NOTE
Unknown package ‘MortalityLaws’ in Rd xrefs
Flavors: r-devel-linux-x86_64-debian-clang, r-devel-linux-x86_64-debian-gcc, r-devel-linux-x86_64-fedora-clang, r-devel-linux-x86_64-fedora-gcc, r-devel-windows-x86_64, r-patched-linux-x86_64, r-release-linux-x86_64, r-release-macos-arm64, r-release-macos-x86_64
Version: 1.4.2
Check: installed package size
Result: NOTE
installed size is 15.3Mb
sub-directories of 1Mb or more:
libs 14.7Mb
Flavors: r-release-macos-arm64, r-release-macos-x86_64, r-oldrel-macos-arm64, r-oldrel-macos-x86_64