CRAN Package Check Results for Package ufs

Last updated on 2024-07-21 19:49:49 CEST.

Flavor Version Tinstall Tcheck Ttotal Status Flags
r-devel-linux-x86_64-debian-clang 0.5.12 19.09 139.69 158.78 OK
r-devel-linux-x86_64-debian-gcc 0.5.12 10.65 98.91 109.56 NOTE
r-devel-linux-x86_64-fedora-clang 0.5.12 190.57 OK
r-devel-linux-x86_64-fedora-gcc 0.5.12 176.47 OK
r-devel-windows-x86_64 0.5.12 17.00 135.00 152.00 NOTE
r-patched-linux-x86_64 0.5.12 23.12 128.21 151.33 OK
r-release-linux-x86_64 0.5.12 12.90 129.27 142.17 OK
r-release-macos-arm64 0.5.12 56.00 OK
r-release-macos-x86_64 0.5.12 93.00 OK
r-release-windows-x86_64 0.5.12 16.00 136.00 152.00 OK
r-oldrel-macos-arm64 0.5.12 60.00 OK
r-oldrel-macos-x86_64 0.5.12 123.00 OK
r-oldrel-windows-x86_64 0.5.12 21.00 161.00 182.00 OK

Check Details

Version: 0.5.12
Check: Rd cross-references
Result: NOTE Found the following Rd file(s) with Rd \link{} targets missing package anchors: associationsDiamondPlot.Rd: ggplot basicDiamondplotFunctions.Rd: geom_polygon, geom_jitter, ggplot biAxisDiamondPlot.Rd: ggplot comparisonDiamondPlots.Rd: gtable diamondPlot.Rd: ggplot ggBoxplot.Rd: ggplot, geom_boxplot ggEasyPlots.Rd: ggplot, geom_ridgeline, geom_bar ggProportionPlot.Rd: linetype, ggplot2 ggqq.Rd: ggplot knitFig.Rd: ggplot, knit_expand, knit meanSDtoDiamondPlot.Rd: ggplot meansDiamondPlot.Rd: ggplot pwr.omegasq.Rd: pwr.anova.test, pwr Please provide package anchors for all Rd \link{} targets not in the package itself and the base packages. Flavors: r-devel-linux-x86_64-debian-gcc, r-devel-windows-x86_64