CRAN Package Check Results for Package twangContinuous

Last updated on 2023-06-02 07:55:37 CEST.

Flavor Version Tinstall Tcheck Ttotal Status Flags
r-devel-linux-x86_64-debian-clang 1.0.0 9.11 85.75 94.86 OK
r-devel-linux-x86_64-debian-gcc 1.0.0 7.15 67.55 74.70 OK
r-devel-linux-x86_64-fedora-clang 1.0.0 124.64 NOTE
r-devel-linux-x86_64-fedora-gcc 1.0.0 125.69 NOTE
r-devel-windows-x86_64 1.0.0 9.00 84.00 93.00 OK
r-patched-linux-x86_64 1.0.0 OK
r-release-linux-x86_64 1.0.0 9.41 82.90 92.31 OK
r-release-macos-arm64 1.0.0 50.00 OK
r-release-macos-x86_64 1.0.0 74.00 OK
r-release-windows-x86_64 1.0.0 11.00 98.00 109.00 OK
r-oldrel-macos-arm64 1.0.0 37.00 NOTE
r-oldrel-macos-x86_64 1.0.0 52.00 NOTE
r-oldrel-windows-x86_64 1.0.0 11.00 104.00 115.00 OK

Check Details

Version: 1.0.0
Check: dependencies in R code
Result: NOTE
    Namespace in Imports field not imported from: ‘Rcpp’
     All declared Imports should be used.
Flavors: r-devel-linux-x86_64-fedora-clang, r-devel-linux-x86_64-fedora-gcc, r-oldrel-macos-arm64, r-oldrel-macos-x86_64