Last updated on 2024-03-29 07:54:59 CET.
Flavor | Version | Tinstall | Tcheck | Ttotal | Status | Flags |
---|---|---|---|---|---|---|
r-devel-linux-x86_64-debian-clang | 1.3.3 | 6.72 | 103.50 | 110.22 | OK | |
r-devel-linux-x86_64-debian-gcc | 1.3.3 | 4.60 | 78.73 | 83.33 | OK | |
r-devel-linux-x86_64-fedora-clang | 1.3.3 | 147.39 | NOTE | |||
r-devel-linux-x86_64-fedora-gcc | 1.3.3 | 146.29 | OK | |||
r-devel-windows-x86_64 | 1.3.3 | 9.00 | 105.00 | 114.00 | OK | |
r-patched-linux-x86_64 | 1.3.3 | 8.09 | 100.14 | 108.23 | OK | |
r-release-linux-x86_64 | 1.3.3 | 5.80 | 99.75 | 105.55 | OK | |
r-release-macos-arm64 | 1.3.3 | 52.00 | OK | |||
r-release-macos-x86_64 | 1.3.3 | 103.00 | OK | |||
r-release-windows-x86_64 | 1.3.3 | 10.00 | 124.00 | 134.00 | OK | |
r-oldrel-macos-arm64 | 1.3.3 | 46.00 | OK | |||
r-oldrel-windows-x86_64 | 1.3.3 | 11.00 | 113.00 | 124.00 | OK |
Version: 1.3.3
Check: Rd cross-references
Result: NOTE
Undeclared package ‘rlang’ in Rd xrefs
Flavor: r-devel-linux-x86_64-fedora-clang